{"id":10325,"date":"2019-07-30T16:20:09","date_gmt":"2019-07-30T19:20:09","guid":{"rendered":"https:\/\/www.avmbianco.com.br\/site\/?post_type=product&#038;p=10325"},"modified":"2025-08-20T15:17:41","modified_gmt":"2025-08-20T18:17:41","slug":"ponteira-reguladora-corujinha","status":"publish","type":"product","link":"https:\/\/www.avmbianco.com.br\/site\/produto\/ponteira-reguladora-corujinha\/","title":{"rendered":"Ponteira Preta(Corujinha)"},"content":{"rendered":"","protected":false},"excerpt":{"rendered":"<div class=\"descResumida\">\n<p>Ponteira reguladora de 2 furos, com mola, para cord\u00e3o ou el\u00e1stico.<\/p>\n<\/div>\n<div class=\"titulodescricao\">Caracter\u00edsticas do Produto<\/div>\n<div class=\"titulodescricao\">Refer\u00eancia: 270<\/div>\n<div class=\"titulodescricao\">\n<p>Tamanho do furo: 5 mm e ela toda mede 1,5 x 1,5<\/p>\n<p>Composi\u00e7\u00e3o: 100% poli\u00e9ster<\/p>\n<p>&nbsp;<\/p>\n<\/div>\n","protected":false},"featured_media":10315,"comment_status":"open","ping_status":"closed","template":"","meta":[],"product_brand":[],"product_cat":[992,268],"product_tag":[],"class_list":{"0":"post-10325","1":"product","2":"type-product","3":"status-publish","4":"has-post-thumbnail","6":"product_cat-ponteira-corujinha","7":"product_cat-regulador","9":"first","10":"instock","11":"taxable","12":"shipping-taxable","13":"purchasable","14":"product-type-variable"},"_links":{"self":[{"href":"https:\/\/www.avmbianco.com.br\/site\/wp-json\/wp\/v2\/product\/10325","targetHints":{"allow":["GET"]}}],"collection":[{"href":"https:\/\/www.avmbianco.com.br\/site\/wp-json\/wp\/v2\/product"}],"about":[{"href":"https:\/\/www.avmbianco.com.br\/site\/wp-json\/wp\/v2\/types\/product"}],"replies":[{"embeddable":true,"href":"https:\/\/www.avmbianco.com.br\/site\/wp-json\/wp\/v2\/comments?post=10325"}],"wp:featuredmedia":[{"embeddable":true,"href":"https:\/\/www.avmbianco.com.br\/site\/wp-json\/wp\/v2\/media\/10315"}],"wp:attachment":[{"href":"https:\/\/www.avmbianco.com.br\/site\/wp-json\/wp\/v2\/media?parent=10325"}],"wp:term":[{"taxonomy":"product_brand","embeddable":true,"href":"https:\/\/www.avmbianco.com.br\/site\/wp-json\/wp\/v2\/product_brand?post=10325"},{"taxonomy":"product_cat","embeddable":true,"href":"https:\/\/www.avmbianco.com.br\/site\/wp-json\/wp\/v2\/product_cat?post=10325"},{"taxonomy":"product_tag","embeddable":true,"href":"https:\/\/www.avmbianco.com.br\/site\/wp-json\/wp\/v2\/product_tag?post=10325"}],"curies":[{"name":"wp","href":"https:\/\/api.w.org\/{rel}","templated":true}]}}