{"id":10578,"date":"2019-08-06T09:45:13","date_gmt":"2019-08-06T12:45:13","guid":{"rendered":"https:\/\/www.avmbianco.com.br\/site\/?post_type=product&#038;p=10578"},"modified":"2025-05-20T12:08:35","modified_gmt":"2025-05-20T15:08:35","slug":"cadarco-de-poliester-20mm","status":"publish","type":"product","link":"https:\/\/www.avmbianco.com.br\/site\/produto\/cadarco-de-poliester-20mm\/","title":{"rendered":"Cadar\u00e7o de Poli\u00e9ster KDF40215 25mm"},"content":{"rendered":"","protected":false},"excerpt":{"rendered":"<div>Cadar\u00e7o Poli\u00e9ster Colorido ideal para Al\u00e7a de Sacola, Bolsa e Acabamento, Uniforme Profissional, Moda Feminino, Masculina e Esportivos, Brindes, Medalha, Sapato, Moveis e Sof\u00e1s.<\/div>\n<div>Rolos com 25mts<\/div>\n<div>100% Poliester<\/div>\n<div style=\"text-align: center;\"><strong>**Desenvolvemos na Sua Cor**<\/strong><\/div>\n","protected":false},"featured_media":10551,"comment_status":"open","ping_status":"closed","template":"","meta":[],"product_brand":[],"product_cat":[310],"product_tag":[],"class_list":{"0":"post-10578","1":"product","2":"type-product","3":"status-publish","4":"has-post-thumbnail","6":"product_cat-cadarco","7":"pa_largura-25-mm","9":"first","10":"instock","11":"taxable","12":"shipping-taxable","13":"purchasable","14":"product-type-variable"},"_links":{"self":[{"href":"https:\/\/www.avmbianco.com.br\/site\/wp-json\/wp\/v2\/product\/10578","targetHints":{"allow":["GET"]}}],"collection":[{"href":"https:\/\/www.avmbianco.com.br\/site\/wp-json\/wp\/v2\/product"}],"about":[{"href":"https:\/\/www.avmbianco.com.br\/site\/wp-json\/wp\/v2\/types\/product"}],"replies":[{"embeddable":true,"href":"https:\/\/www.avmbianco.com.br\/site\/wp-json\/wp\/v2\/comments?post=10578"}],"wp:featuredmedia":[{"embeddable":true,"href":"https:\/\/www.avmbianco.com.br\/site\/wp-json\/wp\/v2\/media\/10551"}],"wp:attachment":[{"href":"https:\/\/www.avmbianco.com.br\/site\/wp-json\/wp\/v2\/media?parent=10578"}],"wp:term":[{"taxonomy":"product_brand","embeddable":true,"href":"https:\/\/www.avmbianco.com.br\/site\/wp-json\/wp\/v2\/product_brand?post=10578"},{"taxonomy":"product_cat","embeddable":true,"href":"https:\/\/www.avmbianco.com.br\/site\/wp-json\/wp\/v2\/product_cat?post=10578"},{"taxonomy":"product_tag","embeddable":true,"href":"https:\/\/www.avmbianco.com.br\/site\/wp-json\/wp\/v2\/product_tag?post=10578"}],"curies":[{"name":"wp","href":"https:\/\/api.w.org\/{rel}","templated":true}]}}