{"id":11388,"date":"2019-10-25T09:58:08","date_gmt":"2019-10-25T12:58:08","guid":{"rendered":"https:\/\/www.avmbianco.com.br\/site\/?post_type=product&#038;p=11388"},"modified":"2025-05-21T15:38:51","modified_gmt":"2025-05-21T18:38:51","slug":"ombreira-feltro-m-4","status":"publish","type":"product","link":"https:\/\/www.avmbianco.com.br\/site\/produto\/ombreira-feltro-m-4\/","title":{"rendered":"Ombreira Feltro M &#8211; 4"},"content":{"rendered":"","protected":false},"excerpt":{"rendered":"<p>As ombreiras de poly\u00e9ster possuem a capa e a contra capa de 100% poly\u00e9ster, podendo o recheio ser de camadas de mantas 100% poly\u00e9ster ou de camadas 100% algod\u00e3o.<br \/>\nComprimento: 20 cm<br \/>\nLargura: 12,5 cm<br \/>\nAltura: 10 mm<br \/>\nEmbalagem com 50 Pares<\/p>\n","protected":false},"featured_media":11342,"comment_status":"open","ping_status":"closed","template":"","meta":[],"product_brand":[],"product_cat":[470],"product_tag":[],"class_list":{"0":"post-11388","1":"product","2":"type-product","3":"status-publish","4":"has-post-thumbnail","6":"product_cat-ombreira","8":"first","9":"instock","10":"taxable","11":"shipping-taxable","12":"purchasable","13":"product-type-simple"},"_links":{"self":[{"href":"https:\/\/www.avmbianco.com.br\/site\/wp-json\/wp\/v2\/product\/11388","targetHints":{"allow":["GET"]}}],"collection":[{"href":"https:\/\/www.avmbianco.com.br\/site\/wp-json\/wp\/v2\/product"}],"about":[{"href":"https:\/\/www.avmbianco.com.br\/site\/wp-json\/wp\/v2\/types\/product"}],"replies":[{"embeddable":true,"href":"https:\/\/www.avmbianco.com.br\/site\/wp-json\/wp\/v2\/comments?post=11388"}],"wp:featuredmedia":[{"embeddable":true,"href":"https:\/\/www.avmbianco.com.br\/site\/wp-json\/wp\/v2\/media\/11342"}],"wp:attachment":[{"href":"https:\/\/www.avmbianco.com.br\/site\/wp-json\/wp\/v2\/media?parent=11388"}],"wp:term":[{"taxonomy":"product_brand","embeddable":true,"href":"https:\/\/www.avmbianco.com.br\/site\/wp-json\/wp\/v2\/product_brand?post=11388"},{"taxonomy":"product_cat","embeddable":true,"href":"https:\/\/www.avmbianco.com.br\/site\/wp-json\/wp\/v2\/product_cat?post=11388"},{"taxonomy":"product_tag","embeddable":true,"href":"https:\/\/www.avmbianco.com.br\/site\/wp-json\/wp\/v2\/product_tag?post=11388"}],"curies":[{"name":"wp","href":"https:\/\/api.w.org\/{rel}","templated":true}]}}