{"id":11869,"date":"2020-06-24T11:09:41","date_gmt":"2020-06-24T14:09:41","guid":{"rendered":"https:\/\/www.avmbianco.com.br\/site\/?post_type=product&#038;p=11869"},"modified":"2025-05-22T12:15:48","modified_gmt":"2025-05-22T15:15:48","slug":"refil-giz-aguia","status":"publish","type":"product","link":"https:\/\/www.avmbianco.com.br\/site\/produto\/refil-giz-aguia\/","title":{"rendered":"Refil Giz \u00c1guia"},"content":{"rendered":"","protected":false},"excerpt":{"rendered":"<p>Refil de Giz em P\u00f3 \u00c1guia para Confec\u00e7\u00e3o<\/p>\n<p>Ideal para o Marcador de Tecidos.<\/p>\n<p>Embalagem cont\u00e9m 2 unidades com 0,5 g cada.<\/p>\n<p>Dispon\u00edvel nas cores: Branco, Amarelo, Verde, Azul e Rosa<\/p>\n<p>Fabricante: Giz \u00c1guia<\/p>\n","protected":false},"featured_media":11862,"comment_status":"open","ping_status":"closed","template":"","meta":[],"product_brand":[],"product_cat":[159],"product_tag":[],"class_list":{"0":"post-11869","1":"product","2":"type-product","3":"status-publish","4":"has-post-thumbnail","6":"product_cat-giz","8":"first","9":"instock","10":"taxable","11":"shipping-taxable","12":"purchasable","13":"product-type-variable"},"_links":{"self":[{"href":"https:\/\/www.avmbianco.com.br\/site\/wp-json\/wp\/v2\/product\/11869","targetHints":{"allow":["GET"]}}],"collection":[{"href":"https:\/\/www.avmbianco.com.br\/site\/wp-json\/wp\/v2\/product"}],"about":[{"href":"https:\/\/www.avmbianco.com.br\/site\/wp-json\/wp\/v2\/types\/product"}],"replies":[{"embeddable":true,"href":"https:\/\/www.avmbianco.com.br\/site\/wp-json\/wp\/v2\/comments?post=11869"}],"wp:featuredmedia":[{"embeddable":true,"href":"https:\/\/www.avmbianco.com.br\/site\/wp-json\/wp\/v2\/media\/11862"}],"wp:attachment":[{"href":"https:\/\/www.avmbianco.com.br\/site\/wp-json\/wp\/v2\/media?parent=11869"}],"wp:term":[{"taxonomy":"product_brand","embeddable":true,"href":"https:\/\/www.avmbianco.com.br\/site\/wp-json\/wp\/v2\/product_brand?post=11869"},{"taxonomy":"product_cat","embeddable":true,"href":"https:\/\/www.avmbianco.com.br\/site\/wp-json\/wp\/v2\/product_cat?post=11869"},{"taxonomy":"product_tag","embeddable":true,"href":"https:\/\/www.avmbianco.com.br\/site\/wp-json\/wp\/v2\/product_tag?post=11869"}],"curies":[{"name":"wp","href":"https:\/\/api.w.org\/{rel}","templated":true}]}}