{"id":13037,"date":"2021-06-09T12:52:33","date_gmt":"2021-06-09T15:52:33","guid":{"rendered":"https:\/\/www.avmbianco.com.br\/site\/?post_type=product&#038;p=13037"},"modified":"2026-01-27T07:58:27","modified_gmt":"2026-01-27T10:58:27","slug":"reforco-de-manga-tapa-miseria","status":"publish","type":"product","link":"https:\/\/www.avmbianco.com.br\/site\/produto\/reforco-de-manga-tapa-miseria\/","title":{"rendered":"Refor\u00e7o de Manga (tapa mis\u00e9ria)"},"content":{"rendered":"","protected":false},"excerpt":{"rendered":"<p><em>O &#8220;Tapa Mis\u00e9ria&#8221; \u00e9 o material usado na jun\u00e7\u00e3o da cava com a manga. O mercado oferece os dois tipos acima: o anat\u00f4mico, vendido em pares, e a metro que \u00e9 cortado no tamanho desejado.<\/em><\/p>\n<p><i>Contem:50 pares<\/i><\/p>\n","protected":false},"featured_media":13038,"comment_status":"open","ping_status":"closed","template":"","meta":[],"product_brand":[],"product_cat":[23],"product_tag":[],"class_list":{"0":"post-13037","1":"product","2":"type-product","3":"status-publish","4":"has-post-thumbnail","6":"product_cat-acessorios","8":"first","9":"instock","10":"taxable","11":"shipping-taxable","12":"purchasable","13":"product-type-simple"},"_links":{"self":[{"href":"https:\/\/www.avmbianco.com.br\/site\/wp-json\/wp\/v2\/product\/13037","targetHints":{"allow":["GET"]}}],"collection":[{"href":"https:\/\/www.avmbianco.com.br\/site\/wp-json\/wp\/v2\/product"}],"about":[{"href":"https:\/\/www.avmbianco.com.br\/site\/wp-json\/wp\/v2\/types\/product"}],"replies":[{"embeddable":true,"href":"https:\/\/www.avmbianco.com.br\/site\/wp-json\/wp\/v2\/comments?post=13037"}],"wp:featuredmedia":[{"embeddable":true,"href":"https:\/\/www.avmbianco.com.br\/site\/wp-json\/wp\/v2\/media\/13038"}],"wp:attachment":[{"href":"https:\/\/www.avmbianco.com.br\/site\/wp-json\/wp\/v2\/media?parent=13037"}],"wp:term":[{"taxonomy":"product_brand","embeddable":true,"href":"https:\/\/www.avmbianco.com.br\/site\/wp-json\/wp\/v2\/product_brand?post=13037"},{"taxonomy":"product_cat","embeddable":true,"href":"https:\/\/www.avmbianco.com.br\/site\/wp-json\/wp\/v2\/product_cat?post=13037"},{"taxonomy":"product_tag","embeddable":true,"href":"https:\/\/www.avmbianco.com.br\/site\/wp-json\/wp\/v2\/product_tag?post=13037"}],"curies":[{"name":"wp","href":"https:\/\/api.w.org\/{rel}","templated":true}]}}