{"id":13309,"date":"2021-10-28T15:13:30","date_gmt":"2021-10-28T18:13:30","guid":{"rendered":"https:\/\/www.avmbianco.com.br\/site\/?post_type=product&#038;p=13309"},"modified":"2026-01-20T14:44:40","modified_gmt":"2026-01-20T17:44:40","slug":"franja-vivo-cordao-b3368-0-20","status":"publish","type":"product","link":"https:\/\/www.avmbianco.com.br\/site\/produto\/franja-vivo-cordao-b3368-0-20\/","title":{"rendered":"Franja Vivo Cord\u00e3o B3368.0.20"},"content":{"rendered":"","protected":false},"excerpt":{"rendered":"<p>Vivo Cord\u00e3o<\/p>\n<p>Largura: 1,5cm<\/p>\n<p>Cor: Cru<\/p>\n<p>Composi\u00e7\u00e3o: 81% Algod\u00e3o 19% Poliamida<\/p>\n<p>Embalagem: Pe\u00e7a com 20m<\/p>\n<p>Aplica\u00e7\u00e3o: Ideal para ser aplicado entre tecidos, em barrados acabamentos.<\/p>\n<h3><strong>OBS:Encomenda dentro de 15 dias uteis, consulte-nos.<\/strong><\/h3>\n","protected":false},"featured_media":13313,"comment_status":"open","ping_status":"closed","template":"","meta":[],"product_brand":[],"product_cat":[178],"product_tag":[],"class_list":{"0":"post-13309","1":"product","2":"type-product","3":"status-publish","4":"has-post-thumbnail","6":"product_cat-vivo","8":"first","9":"onbackorder","10":"taxable","11":"shipping-taxable","12":"purchasable","13":"product-type-simple"},"_links":{"self":[{"href":"https:\/\/www.avmbianco.com.br\/site\/wp-json\/wp\/v2\/product\/13309","targetHints":{"allow":["GET"]}}],"collection":[{"href":"https:\/\/www.avmbianco.com.br\/site\/wp-json\/wp\/v2\/product"}],"about":[{"href":"https:\/\/www.avmbianco.com.br\/site\/wp-json\/wp\/v2\/types\/product"}],"replies":[{"embeddable":true,"href":"https:\/\/www.avmbianco.com.br\/site\/wp-json\/wp\/v2\/comments?post=13309"}],"wp:featuredmedia":[{"embeddable":true,"href":"https:\/\/www.avmbianco.com.br\/site\/wp-json\/wp\/v2\/media\/13313"}],"wp:attachment":[{"href":"https:\/\/www.avmbianco.com.br\/site\/wp-json\/wp\/v2\/media?parent=13309"}],"wp:term":[{"taxonomy":"product_brand","embeddable":true,"href":"https:\/\/www.avmbianco.com.br\/site\/wp-json\/wp\/v2\/product_brand?post=13309"},{"taxonomy":"product_cat","embeddable":true,"href":"https:\/\/www.avmbianco.com.br\/site\/wp-json\/wp\/v2\/product_cat?post=13309"},{"taxonomy":"product_tag","embeddable":true,"href":"https:\/\/www.avmbianco.com.br\/site\/wp-json\/wp\/v2\/product_tag?post=13309"}],"curies":[{"name":"wp","href":"https:\/\/api.w.org\/{rel}","templated":true}]}}