{"id":13319,"date":"2021-10-28T15:17:55","date_gmt":"2021-10-28T18:17:55","guid":{"rendered":"https:\/\/www.avmbianco.com.br\/site\/?post_type=product&#038;p=13319"},"modified":"2026-01-20T14:37:16","modified_gmt":"2026-01-20T17:37:16","slug":"franja-ponto-palito-bh9j-m1","status":"publish","type":"product","link":"https:\/\/www.avmbianco.com.br\/site\/produto\/franja-ponto-palito-bh9j-m1\/","title":{"rendered":"Franja Ponto Palito BH9J.M1"},"content":{"rendered":"","protected":false},"excerpt":{"rendered":"<p>Ponto Palito W<\/p>\n<p>Largura: 3,4cm<\/p>\n<p>Cor: Cru\/Juta<\/p>\n<p>Composi\u00e7\u00e3o: 53% Algod\u00e3o 47% Juta<\/p>\n<p>Embalagem: Pe\u00e7a com 30m<\/p>\n<p>Aplica\u00e7\u00e3o: Ideal para fazer recortes na modelagem da pe\u00e7a.<\/p>\n<h3><strong>OBS:Encomenda dentro de 15 dias uteis, consulte-nos.<\/strong><\/h3>\n","protected":false},"featured_media":13316,"comment_status":"open","ping_status":"closed","template":"","meta":[],"product_brand":[],"product_cat":[396],"product_tag":[],"class_list":{"0":"post-13319","1":"product","2":"type-product","3":"status-publish","4":"has-post-thumbnail","6":"product_cat-franja","8":"first","9":"onbackorder","10":"taxable","11":"shipping-taxable","12":"purchasable","13":"product-type-simple"},"_links":{"self":[{"href":"https:\/\/www.avmbianco.com.br\/site\/wp-json\/wp\/v2\/product\/13319","targetHints":{"allow":["GET"]}}],"collection":[{"href":"https:\/\/www.avmbianco.com.br\/site\/wp-json\/wp\/v2\/product"}],"about":[{"href":"https:\/\/www.avmbianco.com.br\/site\/wp-json\/wp\/v2\/types\/product"}],"replies":[{"embeddable":true,"href":"https:\/\/www.avmbianco.com.br\/site\/wp-json\/wp\/v2\/comments?post=13319"}],"wp:featuredmedia":[{"embeddable":true,"href":"https:\/\/www.avmbianco.com.br\/site\/wp-json\/wp\/v2\/media\/13316"}],"wp:attachment":[{"href":"https:\/\/www.avmbianco.com.br\/site\/wp-json\/wp\/v2\/media?parent=13319"}],"wp:term":[{"taxonomy":"product_brand","embeddable":true,"href":"https:\/\/www.avmbianco.com.br\/site\/wp-json\/wp\/v2\/product_brand?post=13319"},{"taxonomy":"product_cat","embeddable":true,"href":"https:\/\/www.avmbianco.com.br\/site\/wp-json\/wp\/v2\/product_cat?post=13319"},{"taxonomy":"product_tag","embeddable":true,"href":"https:\/\/www.avmbianco.com.br\/site\/wp-json\/wp\/v2\/product_tag?post=13319"}],"curies":[{"name":"wp","href":"https:\/\/api.w.org\/{rel}","templated":true}]}}