{"id":13423,"date":"2021-11-18T10:26:20","date_gmt":"2021-11-18T13:26:20","guid":{"rendered":"https:\/\/www.avmbianco.com.br\/site\/?post_type=product&#038;p=13423"},"modified":"2025-11-14T12:32:07","modified_gmt":"2025-11-14T15:32:07","slug":"elastico-rolico-15-r","status":"publish","type":"product","link":"https:\/\/www.avmbianco.com.br\/site\/produto\/elastico-rolico-15-r\/","title":{"rendered":"El\u00e1stico Roli\u00e7o 15-R"},"content":{"rendered":"","protected":false},"excerpt":{"rendered":"<p>El\u00e1stico S\u00e3o Jos\u00e9 Colombe Roli\u00e7o Colorido n\u00ba15<\/p>\n<p>Largura: 2,8mm Comprimento: 10 metros<\/p>\n<p>Composi\u00e7\u00e3o: 59% Poli\u00e9ster + 41% Elastodieno<\/p>\n<p>\u00c9 Indicado para Embalagens, Confec\u00e7\u00e3o de Roupas, Decora\u00e7\u00e3o, Convites, Artesanatos, M\u00e1scaras e Outros. Fabricante: El\u00e1stico S\u00e3o Jos\u00e9<\/p>\n","protected":false},"featured_media":13421,"comment_status":"open","ping_status":"closed","template":"","meta":[],"product_brand":[],"product_cat":[19],"product_tag":[],"class_list":{"0":"post-13423","1":"product","2":"type-product","3":"status-publish","4":"has-post-thumbnail","6":"product_cat-elasticos","8":"first","9":"instock","10":"taxable","11":"shipping-taxable","12":"purchasable","13":"product-type-variable"},"_links":{"self":[{"href":"https:\/\/www.avmbianco.com.br\/site\/wp-json\/wp\/v2\/product\/13423","targetHints":{"allow":["GET"]}}],"collection":[{"href":"https:\/\/www.avmbianco.com.br\/site\/wp-json\/wp\/v2\/product"}],"about":[{"href":"https:\/\/www.avmbianco.com.br\/site\/wp-json\/wp\/v2\/types\/product"}],"replies":[{"embeddable":true,"href":"https:\/\/www.avmbianco.com.br\/site\/wp-json\/wp\/v2\/comments?post=13423"}],"wp:featuredmedia":[{"embeddable":true,"href":"https:\/\/www.avmbianco.com.br\/site\/wp-json\/wp\/v2\/media\/13421"}],"wp:attachment":[{"href":"https:\/\/www.avmbianco.com.br\/site\/wp-json\/wp\/v2\/media?parent=13423"}],"wp:term":[{"taxonomy":"product_brand","embeddable":true,"href":"https:\/\/www.avmbianco.com.br\/site\/wp-json\/wp\/v2\/product_brand?post=13423"},{"taxonomy":"product_cat","embeddable":true,"href":"https:\/\/www.avmbianco.com.br\/site\/wp-json\/wp\/v2\/product_cat?post=13423"},{"taxonomy":"product_tag","embeddable":true,"href":"https:\/\/www.avmbianco.com.br\/site\/wp-json\/wp\/v2\/product_tag?post=13423"}],"curies":[{"name":"wp","href":"https:\/\/api.w.org\/{rel}","templated":true}]}}