{"id":13856,"date":"2022-07-01T10:26:41","date_gmt":"2022-07-01T13:26:41","guid":{"rendered":"https:\/\/www.avmbianco.com.br\/site\/?post_type=product&#038;p=13856"},"modified":"2025-06-13T12:05:10","modified_gmt":"2025-06-13T15:05:10","slug":"fio-amigurumi","status":"publish","type":"product","link":"https:\/\/www.avmbianco.com.br\/site\/produto\/fio-amigurumi\/","title":{"rendered":"Fio Amigurumi"},"content":{"rendered":"<p><span class=\"tit\">DADOS T\u00c9CNICOS<\/span><\/p>\n<p>Fio Ne 6\/5 &#8211; (492 Tex)<br \/>\nComposi\u00e7\u00e3o: 100% Algod\u00e3o Mercerizado<br \/>\nComprimento e Peso: 254 m e 125 g<br \/>\nAgulhas para croch\u00ea: 2,0 mm a 4,0 mm<br \/>\nAgulhas para tric\u00f4: 2,5 mm a 4,5 mm<br \/>\nAgulha de tape\u00e7aria \u2013 sugest\u00e3o n\u00b0 16.00<br \/>\nQuantidade de Cores: 61<\/p>\n<p>*Cor 9534 &#8211; Dispon\u00edvel por tempo limitado<\/p>\n<p>&nbsp;<\/p>\n","protected":false},"excerpt":{"rendered":"<p><span class=\"tit\">DESCRI\u00c7\u00c3O<\/span><\/p>\n<p>O fio \u00e9 composto por 100% de algod\u00e3o mercerizado e tem espessura m\u00e9dia aliada ao rendimento e muita com delicadeza. O resultado \u00e9 excelente tanto no croch\u00ea quanto no tric\u00f4: maciez, cores firmes e qualidade. O sucesso do momento no mundo do artesanato s\u00e3o os Amigurumis, os famosos bichinhos de croch\u00ea. A t\u00e9cnica japonesa caiu no gosto dos artes\u00e3os brasileiros e aparece cada vez mais em novos formatos, tamanhos e apar\u00eancia. Conquistando seu espa\u00e7o nos trabalhos com croch\u00ea, os Amigurumis s\u00e3o um charme na decora\u00e7\u00e3o, colorindo os ambientes e transmitindo alegria.<\/p>\n<p><a href=\"https:\/\/www.avmbianco.com.br\/site\/wp-content\/uploads\/2286.pdf\">TABELA DE CORES 2286<\/a><\/p>\n","protected":false},"featured_media":13986,"comment_status":"open","ping_status":"closed","template":"","meta":[],"product_brand":[],"product_cat":[641],"product_tag":[],"class_list":{"0":"post-13856","1":"product","2":"type-product","3":"status-publish","4":"has-post-thumbnail","6":"product_cat-fio","8":"first","9":"instock","10":"taxable","11":"shipping-taxable","12":"purchasable","13":"product-type-variable"},"_links":{"self":[{"href":"https:\/\/www.avmbianco.com.br\/site\/wp-json\/wp\/v2\/product\/13856","targetHints":{"allow":["GET"]}}],"collection":[{"href":"https:\/\/www.avmbianco.com.br\/site\/wp-json\/wp\/v2\/product"}],"about":[{"href":"https:\/\/www.avmbianco.com.br\/site\/wp-json\/wp\/v2\/types\/product"}],"replies":[{"embeddable":true,"href":"https:\/\/www.avmbianco.com.br\/site\/wp-json\/wp\/v2\/comments?post=13856"}],"wp:featuredmedia":[{"embeddable":true,"href":"https:\/\/www.avmbianco.com.br\/site\/wp-json\/wp\/v2\/media\/13986"}],"wp:attachment":[{"href":"https:\/\/www.avmbianco.com.br\/site\/wp-json\/wp\/v2\/media?parent=13856"}],"wp:term":[{"taxonomy":"product_brand","embeddable":true,"href":"https:\/\/www.avmbianco.com.br\/site\/wp-json\/wp\/v2\/product_brand?post=13856"},{"taxonomy":"product_cat","embeddable":true,"href":"https:\/\/www.avmbianco.com.br\/site\/wp-json\/wp\/v2\/product_cat?post=13856"},{"taxonomy":"product_tag","embeddable":true,"href":"https:\/\/www.avmbianco.com.br\/site\/wp-json\/wp\/v2\/product_tag?post=13856"}],"curies":[{"name":"wp","href":"https:\/\/api.w.org\/{rel}","templated":true}]}}