{"id":14734,"date":"2022-08-26T10:07:41","date_gmt":"2022-08-26T13:07:41","guid":{"rendered":"https:\/\/www.avmbianco.com.br\/site\/?post_type=product&#038;p=14734"},"modified":"2025-06-24T10:45:33","modified_gmt":"2025-06-24T13:45:33","slug":"colchete-gancho-p-calca-erbele-885-11-13mm","status":"publish","type":"product","link":"https:\/\/www.avmbianco.com.br\/site\/produto\/colchete-gancho-p-calca-erbele-885-11-13mm\/","title":{"rendered":"Colchete Gancho P\/ Cal\u00e7a Erbele  885\/11  13mm"},"content":{"rendered":"<p><img decoding=\"async\" src=\"https:\/\/www.armarinhosaojose.com.br\/octopus\/design\/images\/94\/products\/b\/e-885-11-colchete-ganho-calca.jpg\" alt=\"Colchete de Gancho pra Cal\u00e7a Eberle 885\/11 - 13 mm Caixa c\/ 200 unidades\" \/><\/p>\n","protected":false},"excerpt":{"rendered":"<p>Colchete de Gancho Para Cal\u00e7a Social 13mm<br \/>\n<b>PODE SER APLICADO SEM MATRIZ OU A.CC8.885.11<\/b><br \/>\nRefer\u00eancia Do Produto: CC8.885.11.F<br \/>\nRefer\u00eancia Antiga: CC 885 11 F<br \/>\nMaterial: Ferro<br \/>\nCaixa Com 200 unidades<\/p>\n<p>Usado em alfaiataria na confec\u00e7\u00e3o de cal\u00e7a social, masculina e feminina.<\/p>\n","protected":false},"featured_media":14735,"comment_status":"open","ping_status":"closed","template":"","meta":[],"product_brand":[],"product_cat":[76],"product_tag":[],"class_list":{"0":"post-14734","1":"product","2":"type-product","3":"status-publish","4":"has-post-thumbnail","6":"product_cat-colchete","8":"first","9":"instock","10":"taxable","11":"shipping-taxable","12":"purchasable","13":"product-type-simple"},"_links":{"self":[{"href":"https:\/\/www.avmbianco.com.br\/site\/wp-json\/wp\/v2\/product\/14734","targetHints":{"allow":["GET"]}}],"collection":[{"href":"https:\/\/www.avmbianco.com.br\/site\/wp-json\/wp\/v2\/product"}],"about":[{"href":"https:\/\/www.avmbianco.com.br\/site\/wp-json\/wp\/v2\/types\/product"}],"replies":[{"embeddable":true,"href":"https:\/\/www.avmbianco.com.br\/site\/wp-json\/wp\/v2\/comments?post=14734"}],"wp:featuredmedia":[{"embeddable":true,"href":"https:\/\/www.avmbianco.com.br\/site\/wp-json\/wp\/v2\/media\/14735"}],"wp:attachment":[{"href":"https:\/\/www.avmbianco.com.br\/site\/wp-json\/wp\/v2\/media?parent=14734"}],"wp:term":[{"taxonomy":"product_brand","embeddable":true,"href":"https:\/\/www.avmbianco.com.br\/site\/wp-json\/wp\/v2\/product_brand?post=14734"},{"taxonomy":"product_cat","embeddable":true,"href":"https:\/\/www.avmbianco.com.br\/site\/wp-json\/wp\/v2\/product_cat?post=14734"},{"taxonomy":"product_tag","embeddable":true,"href":"https:\/\/www.avmbianco.com.br\/site\/wp-json\/wp\/v2\/product_tag?post=14734"}],"curies":[{"name":"wp","href":"https:\/\/api.w.org\/{rel}","templated":true}]}}