{"id":14824,"date":"2022-09-22T12:38:38","date_gmt":"2022-09-22T15:38:38","guid":{"rendered":"https:\/\/www.avmbianco.com.br\/site\/?post_type=product&#038;p=14824"},"modified":"2025-06-20T15:18:08","modified_gmt":"2025-06-20T18:18:08","slug":"linha-liza-circulo","status":"publish","type":"product","link":"https:\/\/www.avmbianco.com.br\/site\/produto\/linha-liza-circulo\/","title":{"rendered":"Linha Liza Circulo"},"content":{"rendered":"","protected":false},"excerpt":{"rendered":"<h5><span id=\"details_path_name\">Linha C\u00edrculo Liza &#8211; 500 m<\/span><\/h5>\n<h5>100% Polipropileno<\/h5>\n<p>Agulhas P\/ linha Grossa tex 376<br \/>\n&#8212; Tric\u00f4: 3,5 mm x 4,5mm<br \/>\n&#8212; Croch\u00ea:2,0mm x 3,0mm<\/p>\n<p>Agulhas P\/ linha Fina tex 184<br \/>\n&#8212; Tric\u00f4: 2,5 mm x 3,5mm<br \/>\n&#8212; Croch\u00ea:1,5mm x 1,75mm<\/p>\n<p>O fio Liza \u00e9 super-resistente, ideal para confec\u00e7\u00e3o de pe\u00e7as de vestu\u00e1rios, decora\u00e7\u00e3o e acess\u00f3rios como: cintos, bolsas e box braids. Possui uma cartela de cores vibrantes!<\/p>\n<div id=\"details_texts_additional\"><\/div>\n","protected":false},"featured_media":14825,"comment_status":"open","ping_status":"closed","template":"","meta":[],"product_brand":[],"product_cat":[641,53],"product_tag":[],"class_list":{"0":"post-14824","1":"product","2":"type-product","3":"status-publish","4":"has-post-thumbnail","6":"product_cat-fio","7":"product_cat-linhas","9":"first","10":"instock","11":"taxable","12":"shipping-taxable","13":"purchasable","14":"product-type-variable"},"_links":{"self":[{"href":"https:\/\/www.avmbianco.com.br\/site\/wp-json\/wp\/v2\/product\/14824","targetHints":{"allow":["GET"]}}],"collection":[{"href":"https:\/\/www.avmbianco.com.br\/site\/wp-json\/wp\/v2\/product"}],"about":[{"href":"https:\/\/www.avmbianco.com.br\/site\/wp-json\/wp\/v2\/types\/product"}],"replies":[{"embeddable":true,"href":"https:\/\/www.avmbianco.com.br\/site\/wp-json\/wp\/v2\/comments?post=14824"}],"wp:featuredmedia":[{"embeddable":true,"href":"https:\/\/www.avmbianco.com.br\/site\/wp-json\/wp\/v2\/media\/14825"}],"wp:attachment":[{"href":"https:\/\/www.avmbianco.com.br\/site\/wp-json\/wp\/v2\/media?parent=14824"}],"wp:term":[{"taxonomy":"product_brand","embeddable":true,"href":"https:\/\/www.avmbianco.com.br\/site\/wp-json\/wp\/v2\/product_brand?post=14824"},{"taxonomy":"product_cat","embeddable":true,"href":"https:\/\/www.avmbianco.com.br\/site\/wp-json\/wp\/v2\/product_cat?post=14824"},{"taxonomy":"product_tag","embeddable":true,"href":"https:\/\/www.avmbianco.com.br\/site\/wp-json\/wp\/v2\/product_tag?post=14824"}],"curies":[{"name":"wp","href":"https:\/\/api.w.org\/{rel}","templated":true}]}}