{"id":15409,"date":"2023-11-17T15:42:41","date_gmt":"2023-11-17T18:42:41","guid":{"rendered":"https:\/\/www.avmbianco.com.br\/site\/?post_type=product&#038;p=15409"},"modified":"2025-06-06T11:18:13","modified_gmt":"2025-06-06T14:18:13","slug":"mosquetao-oval","status":"publish","type":"product","link":"https:\/\/www.avmbianco.com.br\/site\/produto\/mosquetao-oval\/","title":{"rendered":"Mosquet\u00e3o Oval"},"content":{"rendered":"<p><img decoding=\"async\" src=\"https:\/\/www.circulo.com.br\/storage\/produtos\/62a398321bf0639841162a398321bf0d.jpg\" alt=\"Mosquet\u00e3o Oval\" \/><\/p>\n","protected":false},"excerpt":{"rendered":"<p>O Mosquet\u00e3o Oval leva seguran\u00e7a, qualidade e personalidade ao design da sua bolsa handmade. Com um formato diferenciado e supermoderno, pode ser usado para prender uma al\u00e7a ou finalizar a pe\u00e7a com um lindo chaveiro. Na C\u00edrculo, o Mosquet\u00e3o Oval est\u00e1 dispon\u00edvel em 1 tamanho e em 3 cores diferentes: Dourado, Prata e Preto.<\/p>\n<p>Pacote com 6p\u00e7<\/p>\n<p>Tamanho:51X21mm<\/p>\n","protected":false},"featured_media":15402,"comment_status":"open","ping_status":"closed","template":"","meta":[],"product_brand":[],"product_cat":[23],"product_tag":[],"class_list":{"0":"post-15409","1":"product","2":"type-product","3":"status-publish","4":"has-post-thumbnail","6":"product_cat-acessorios","8":"first","9":"instock","10":"taxable","11":"shipping-taxable","12":"purchasable","13":"product-type-variable"},"_links":{"self":[{"href":"https:\/\/www.avmbianco.com.br\/site\/wp-json\/wp\/v2\/product\/15409","targetHints":{"allow":["GET"]}}],"collection":[{"href":"https:\/\/www.avmbianco.com.br\/site\/wp-json\/wp\/v2\/product"}],"about":[{"href":"https:\/\/www.avmbianco.com.br\/site\/wp-json\/wp\/v2\/types\/product"}],"replies":[{"embeddable":true,"href":"https:\/\/www.avmbianco.com.br\/site\/wp-json\/wp\/v2\/comments?post=15409"}],"wp:featuredmedia":[{"embeddable":true,"href":"https:\/\/www.avmbianco.com.br\/site\/wp-json\/wp\/v2\/media\/15402"}],"wp:attachment":[{"href":"https:\/\/www.avmbianco.com.br\/site\/wp-json\/wp\/v2\/media?parent=15409"}],"wp:term":[{"taxonomy":"product_brand","embeddable":true,"href":"https:\/\/www.avmbianco.com.br\/site\/wp-json\/wp\/v2\/product_brand?post=15409"},{"taxonomy":"product_cat","embeddable":true,"href":"https:\/\/www.avmbianco.com.br\/site\/wp-json\/wp\/v2\/product_cat?post=15409"},{"taxonomy":"product_tag","embeddable":true,"href":"https:\/\/www.avmbianco.com.br\/site\/wp-json\/wp\/v2\/product_tag?post=15409"}],"curies":[{"name":"wp","href":"https:\/\/api.w.org\/{rel}","templated":true}]}}