{"id":15533,"date":"2024-01-16T16:23:49","date_gmt":"2024-01-16T19:23:49","guid":{"rendered":"https:\/\/www.avmbianco.com.br\/site\/?post_type=product&#038;p=15533"},"modified":"2025-06-26T11:24:51","modified_gmt":"2025-06-26T14:24:51","slug":"regua-patchwork-15cm-x-60cm","status":"publish","type":"product","link":"https:\/\/www.avmbianco.com.br\/site\/produto\/regua-patchwork-15cm-x-60cm\/","title":{"rendered":"R\u00e9gua Patchwork 15cm x 60cm"},"content":{"rendered":"<p>Caracter\u00edsticas: &#8211; Anti-Deslizante &#8211; F\u00e1cil De Medir Sobre Bases Claras E Escuras. Possui Uma Superf\u00edcie Exclusiva Jateada, Que Adere Melhor Ao Tecido, N\u00e3o Desliza E Permite Maior Visibilidade Das Medidas. Possui Uma Esp\u00e9cie De Transferidor, Que Permite O Corte Em V\u00e1rios \u00c2ngulos Precisos. Um Produto Imperd\u00edvel Que N\u00e3o Pode Ficar De Fora Dos Seus Materiais Para Artesanato, \u00c9 Indispens\u00e1vel Para Quem J\u00e1 Est\u00e1 Ou Quer Entrar No Mundo Do Artesanato.<\/p>\n","protected":false},"excerpt":{"rendered":"<p>R\u00e9gua 15x60cm para Patchwork R\u00e9gua Especial Para Quilt, Para Uso Junto Com Cortadores Rotativos E Base De Corte. Acr\u00edlico Transparente Com N\u00fameros E Linhas Pretas. N\u00fameros E Grades De Linhas F\u00e1cil De Ler.<\/p>\n<p>PW20 15&#215;60<\/p>\n","protected":false},"featured_media":15534,"comment_status":"open","ping_status":"closed","template":"","meta":[],"product_brand":[],"product_cat":[65],"product_tag":[],"class_list":{"0":"post-15533","1":"product","2":"type-product","3":"status-publish","4":"has-post-thumbnail","6":"product_cat-acessorio-regua","8":"first","9":"instock","10":"taxable","11":"shipping-taxable","12":"purchasable","13":"product-type-simple"},"_links":{"self":[{"href":"https:\/\/www.avmbianco.com.br\/site\/wp-json\/wp\/v2\/product\/15533","targetHints":{"allow":["GET"]}}],"collection":[{"href":"https:\/\/www.avmbianco.com.br\/site\/wp-json\/wp\/v2\/product"}],"about":[{"href":"https:\/\/www.avmbianco.com.br\/site\/wp-json\/wp\/v2\/types\/product"}],"replies":[{"embeddable":true,"href":"https:\/\/www.avmbianco.com.br\/site\/wp-json\/wp\/v2\/comments?post=15533"}],"wp:featuredmedia":[{"embeddable":true,"href":"https:\/\/www.avmbianco.com.br\/site\/wp-json\/wp\/v2\/media\/15534"}],"wp:attachment":[{"href":"https:\/\/www.avmbianco.com.br\/site\/wp-json\/wp\/v2\/media?parent=15533"}],"wp:term":[{"taxonomy":"product_brand","embeddable":true,"href":"https:\/\/www.avmbianco.com.br\/site\/wp-json\/wp\/v2\/product_brand?post=15533"},{"taxonomy":"product_cat","embeddable":true,"href":"https:\/\/www.avmbianco.com.br\/site\/wp-json\/wp\/v2\/product_cat?post=15533"},{"taxonomy":"product_tag","embeddable":true,"href":"https:\/\/www.avmbianco.com.br\/site\/wp-json\/wp\/v2\/product_tag?post=15533"}],"curies":[{"name":"wp","href":"https:\/\/api.w.org\/{rel}","templated":true}]}}