{"id":15640,"date":"2024-01-17T16:01:08","date_gmt":"2024-01-17T19:01:08","guid":{"rendered":"https:\/\/www.avmbianco.com.br\/site\/?post_type=product&#038;p=15640"},"modified":"2025-06-30T10:51:39","modified_gmt":"2025-06-30T13:51:39","slug":"micangas-divertidas","status":"publish","type":"product","link":"https:\/\/www.avmbianco.com.br\/site\/produto\/micangas-divertidas\/","title":{"rendered":"Mi\u00e7angas Divertidas"},"content":{"rendered":"<p>Por que escolher nossas Mi\u00e7angas:<\/p>\n<p>&#8211; Deixe sua imagina\u00e7\u00e3o correr solta e crie designs que combinam com seu estilo. Com uma gama de cores e formas, as possibilidades s\u00e3o infinitas.<\/p>\n<p>-a confec\u00e7\u00e3o de acess\u00f3rios \u00e9 uma atividade terap\u00eautica, reduzindo o estresse e trazendo uma sensa\u00e7\u00e3o de realiza\u00e7\u00e3o.<\/p>\n<p>-Crie pulseiras e colares personalizados para presentear amigos e familiares, mostrando o quanto voc\u00ea se importa.<\/p>\n<p>-Organize uma tarde divertida de cria\u00e7\u00e3o de acess\u00f3rios com amigos ou familiares, fortalecendo la\u00e7os enquanto todos exploram sua criatividade.<\/p>\n","protected":false},"excerpt":{"rendered":"<p>D\u00ea asas \u00e0 sua criatividade e mergulhe no mundo vibrante da moda artesanal com nossas\u00a0 Mi\u00e7angas Coloridas. Se voc\u00ea \u00e9 apaixonado por acess\u00f3rios \u00fanicos e adora expressar sua personalidade atrav\u00e9s de pe\u00e7as exclusivas.<\/p>\n<p>Mix para produ\u00e7\u00e3o de pulseiras\u00a0contendo: bolas abs, Pingentes, letras, Entremeios, Mi\u00e7ang\u00e3o, mi\u00e7angas infantis divertidas, sextavados entre muitos outros.<\/p>\n<p>Tudo bem colorido para usar a imagina\u00e7\u00e3o e montar v\u00e1rios acess\u00f3rios!<\/p>\n<p>Composi\u00e7\u00e3o: Pl\u00e1stico<\/p>\n","protected":false},"featured_media":15644,"comment_status":"open","ping_status":"closed","template":"","meta":[],"product_brand":[],"product_cat":[23],"product_tag":[],"class_list":{"0":"post-15640","1":"product","2":"type-product","3":"status-publish","4":"has-post-thumbnail","6":"product_cat-acessorios","8":"first","9":"instock","10":"taxable","11":"shipping-taxable","12":"purchasable","13":"product-type-variable"},"_links":{"self":[{"href":"https:\/\/www.avmbianco.com.br\/site\/wp-json\/wp\/v2\/product\/15640","targetHints":{"allow":["GET"]}}],"collection":[{"href":"https:\/\/www.avmbianco.com.br\/site\/wp-json\/wp\/v2\/product"}],"about":[{"href":"https:\/\/www.avmbianco.com.br\/site\/wp-json\/wp\/v2\/types\/product"}],"replies":[{"embeddable":true,"href":"https:\/\/www.avmbianco.com.br\/site\/wp-json\/wp\/v2\/comments?post=15640"}],"wp:featuredmedia":[{"embeddable":true,"href":"https:\/\/www.avmbianco.com.br\/site\/wp-json\/wp\/v2\/media\/15644"}],"wp:attachment":[{"href":"https:\/\/www.avmbianco.com.br\/site\/wp-json\/wp\/v2\/media?parent=15640"}],"wp:term":[{"taxonomy":"product_brand","embeddable":true,"href":"https:\/\/www.avmbianco.com.br\/site\/wp-json\/wp\/v2\/product_brand?post=15640"},{"taxonomy":"product_cat","embeddable":true,"href":"https:\/\/www.avmbianco.com.br\/site\/wp-json\/wp\/v2\/product_cat?post=15640"},{"taxonomy":"product_tag","embeddable":true,"href":"https:\/\/www.avmbianco.com.br\/site\/wp-json\/wp\/v2\/product_tag?post=15640"}],"curies":[{"name":"wp","href":"https:\/\/api.w.org\/{rel}","templated":true}]}}