{"id":16222,"date":"2025-03-10T10:16:56","date_gmt":"2025-03-10T13:16:56","guid":{"rendered":"https:\/\/www.avmbianco.com.br\/site\/?post_type=product&#038;p=16222"},"modified":"2025-11-27T12:33:38","modified_gmt":"2025-11-27T15:33:38","slug":"colchete-de-gancho-p-aplicar-cc8-891-9","status":"publish","type":"product","link":"https:\/\/www.avmbianco.com.br\/site\/produto\/colchete-de-gancho-p-aplicar-cc8-891-9\/","title":{"rendered":"Colchete de Gancho P\/ Aplicar CC8.891.9"},"content":{"rendered":"<p>Colchete de gancho em lat\u00e3o niquelado, para aplica\u00e7\u00e3o com matriz e m\u00e1quina prensa manual, do tipo balancim, ou autom\u00e1tica (prensa pneum\u00e1tica). Este produto foi desenvolvido para uso em c\u00f3s de cal\u00e7as e saias de alfaiataria feminina, pois tem o acabamento delicado e \u00e9 aplicado mecanicamente, em ritmo de produ\u00e7\u00e3o industrial. Totalmente em lat\u00e3o, n\u00e3o sofre oxida\u00e7\u00e3o e \u00e9 recomendado para pe\u00e7as de vestu\u00e1rio e fun\u00e7\u00f5es semelhantes.<\/p>\n","protected":false},"excerpt":{"rendered":"<p>INFORMA\u00c7\u00d5ES DO PRODUTO:<br \/>\nMarca: Eberle<br \/>\nC\u00f3digo loja: 5031 9301<br \/>\nRef.: CC8.891.9.L<br \/>\nRef. antiga: CC 891 9 L<br \/>\nDimens\u00f5es do gancho: 17 mm x 9,5 mm<br \/>\nMaterial: lat\u00e3o<br \/>\nAcabamento: niquelado<br \/>\nUnidade de venda: cx c\/ 200 un<\/p>\n","protected":false},"featured_media":16223,"comment_status":"open","ping_status":"closed","template":"","meta":[],"product_brand":[],"product_cat":[76],"product_tag":[],"class_list":{"0":"post-16222","1":"product","2":"type-product","3":"status-publish","4":"has-post-thumbnail","6":"product_cat-colchete","8":"first","9":"instock","10":"taxable","11":"shipping-taxable","12":"purchasable","13":"product-type-variable"},"_links":{"self":[{"href":"https:\/\/www.avmbianco.com.br\/site\/wp-json\/wp\/v2\/product\/16222","targetHints":{"allow":["GET"]}}],"collection":[{"href":"https:\/\/www.avmbianco.com.br\/site\/wp-json\/wp\/v2\/product"}],"about":[{"href":"https:\/\/www.avmbianco.com.br\/site\/wp-json\/wp\/v2\/types\/product"}],"replies":[{"embeddable":true,"href":"https:\/\/www.avmbianco.com.br\/site\/wp-json\/wp\/v2\/comments?post=16222"}],"wp:featuredmedia":[{"embeddable":true,"href":"https:\/\/www.avmbianco.com.br\/site\/wp-json\/wp\/v2\/media\/16223"}],"wp:attachment":[{"href":"https:\/\/www.avmbianco.com.br\/site\/wp-json\/wp\/v2\/media?parent=16222"}],"wp:term":[{"taxonomy":"product_brand","embeddable":true,"href":"https:\/\/www.avmbianco.com.br\/site\/wp-json\/wp\/v2\/product_brand?post=16222"},{"taxonomy":"product_cat","embeddable":true,"href":"https:\/\/www.avmbianco.com.br\/site\/wp-json\/wp\/v2\/product_cat?post=16222"},{"taxonomy":"product_tag","embeddable":true,"href":"https:\/\/www.avmbianco.com.br\/site\/wp-json\/wp\/v2\/product_tag?post=16222"}],"curies":[{"name":"wp","href":"https:\/\/api.w.org\/{rel}","templated":true}]}}