{"id":16553,"date":"2025-03-19T11:19:50","date_gmt":"2025-03-19T14:19:50","guid":{"rendered":"https:\/\/www.avmbianco.com.br\/site\/?post_type=product&#038;p=16553"},"modified":"2026-04-06T14:36:32","modified_gmt":"2026-04-06T17:36:32","slug":"matriz-80","status":"publish","type":"product","link":"https:\/\/www.avmbianco.com.br\/site\/produto\/matriz-80\/","title":{"rendered":"Matriz \/80"},"content":{"rendered":"","protected":false},"excerpt":{"rendered":"<p>A matriz vem com 4 partes, 2 para coloca\u00e7\u00e3o do macho e 2 para coloca\u00e7\u00e3o da f\u00eamea.<br \/>\nCompat\u00edvel com todos os modelos de Balancim do Mercado.<\/p>\n<p>Especifica\u00e7\u00f5es:<br \/>\n&#8211; Utilizada em Balancim Manual<br \/>\n&#8211; Prega bot\u00f5es de press\u00e3o de metal.<br \/>\n&#8211; Numero do Bot\u00e3o: 80 &#8211; 13mm<br \/>\n&#8211; Bot\u00f5es de Press\u00e3o tipo de Jaquetas Jeans<br \/>\n&#8211; Bot\u00e3o Tic Tac de 13mm<\/p>\n","protected":false},"featured_media":16554,"comment_status":"open","ping_status":"closed","template":"","meta":[],"product_brand":[],"product_cat":[2086],"product_tag":[],"class_list":{"0":"post-16553","1":"product","2":"type-product","3":"status-publish","4":"has-post-thumbnail","6":"product_cat-matriz","8":"first","9":"instock","10":"taxable","11":"shipping-taxable","12":"purchasable","13":"product-type-simple"},"_links":{"self":[{"href":"https:\/\/www.avmbianco.com.br\/site\/wp-json\/wp\/v2\/product\/16553","targetHints":{"allow":["GET"]}}],"collection":[{"href":"https:\/\/www.avmbianco.com.br\/site\/wp-json\/wp\/v2\/product"}],"about":[{"href":"https:\/\/www.avmbianco.com.br\/site\/wp-json\/wp\/v2\/types\/product"}],"replies":[{"embeddable":true,"href":"https:\/\/www.avmbianco.com.br\/site\/wp-json\/wp\/v2\/comments?post=16553"}],"wp:featuredmedia":[{"embeddable":true,"href":"https:\/\/www.avmbianco.com.br\/site\/wp-json\/wp\/v2\/media\/16554"}],"wp:attachment":[{"href":"https:\/\/www.avmbianco.com.br\/site\/wp-json\/wp\/v2\/media?parent=16553"}],"wp:term":[{"taxonomy":"product_brand","embeddable":true,"href":"https:\/\/www.avmbianco.com.br\/site\/wp-json\/wp\/v2\/product_brand?post=16553"},{"taxonomy":"product_cat","embeddable":true,"href":"https:\/\/www.avmbianco.com.br\/site\/wp-json\/wp\/v2\/product_cat?post=16553"},{"taxonomy":"product_tag","embeddable":true,"href":"https:\/\/www.avmbianco.com.br\/site\/wp-json\/wp\/v2\/product_tag?post=16553"}],"curies":[{"name":"wp","href":"https:\/\/api.w.org\/{rel}","templated":true}]}}