{"id":16565,"date":"2025-03-19T12:33:08","date_gmt":"2025-03-19T15:33:08","guid":{"rendered":"https:\/\/www.avmbianco.com.br\/site\/?post_type=product&#038;p=16565"},"modified":"2025-03-20T10:00:34","modified_gmt":"2025-03-20T13:00:34","slug":"lub-desengripante","status":"publish","type":"product","link":"https:\/\/www.avmbianco.com.br\/site\/produto\/lub-desengripante\/","title":{"rendered":"LUB Desengripante"},"content":{"rendered":"<h4>Instru\u00e7\u00f5es de uso:<\/h4>\n<p>1. Agite bem antes de usar.<\/p>\n<p>2. Pulverize nas \u00e1reas desejadas a uma dist\u00e2ncia de aproximadamente 20 cm. Caso haja necessidade utilize o bico prolongador para locais de dif\u00edcil acesso.<\/p>\n<p>3. Desligue equipamentos energizados para fazer a aplica\u00e7\u00e3o e espere a evapora\u00e7\u00e3o do g\u00e1s para ligar o aparelho novamente.<\/p>\n<p>&nbsp;<\/p>\n<h4>DADOS T\u00c9CNICOS:<\/h4>\n<p>Apar\u00eancia (visual): L\u00edquido premido levemente amarelado com odor caracter\u00edstico, insol\u00favel em \u00e1gua.<\/p>\n<p>pH a 25\u00b0C: \u00a06,00 a 7,00<\/p>\n<p>Densidade a 25\u00b0C: \u00a00,77 a 0,82 g\/cm\u00b3<\/p>\n<p>Press\u00e3o interna a 50\u00b0C: \u00a030 a 50 Psi<\/p>\n<p>Taxa de libera\u00e7\u00e3o: \u00a075 a 95 g\/min<\/p>\n","protected":false},"excerpt":{"rendered":"<p>Descri\u00e7\u00e3o<br \/>\nIndicado para desengripar e lubrificar, articula\u00e7\u00f5es, polias e engrenagens de m\u00e1quinas industriais.Lubrifica e protege contra o ressecamento de pe\u00e7as de bicicletas, barcos, resid\u00eancias e autom\u00f3veis em geral.\u00d3timo eliminador de ru\u00eddos de dobradi\u00e7as de portas, fechaduras, trincos, rolamentos, entre outros.<\/p>\n<p>Caracter\u00edsticas:<br \/>\n\u00c9 um desengripante multiuso que protege contra umidade e corros\u00e3o, al\u00e9m de possuir um alto poder de penetra\u00e7\u00e3o, eliminando ru\u00eddos e ferrugem.<\/p>\n","protected":false},"featured_media":16566,"comment_status":"open","ping_status":"closed","template":"","meta":[],"product_brand":[],"product_cat":[217],"product_tag":[],"class_list":{"0":"post-16565","1":"product","2":"type-product","3":"status-publish","4":"has-post-thumbnail","6":"product_cat-oleo","8":"first","9":"instock","10":"taxable","11":"shipping-taxable","12":"purchasable","13":"product-type-simple"},"_links":{"self":[{"href":"https:\/\/www.avmbianco.com.br\/site\/wp-json\/wp\/v2\/product\/16565","targetHints":{"allow":["GET"]}}],"collection":[{"href":"https:\/\/www.avmbianco.com.br\/site\/wp-json\/wp\/v2\/product"}],"about":[{"href":"https:\/\/www.avmbianco.com.br\/site\/wp-json\/wp\/v2\/types\/product"}],"replies":[{"embeddable":true,"href":"https:\/\/www.avmbianco.com.br\/site\/wp-json\/wp\/v2\/comments?post=16565"}],"wp:featuredmedia":[{"embeddable":true,"href":"https:\/\/www.avmbianco.com.br\/site\/wp-json\/wp\/v2\/media\/16566"}],"wp:attachment":[{"href":"https:\/\/www.avmbianco.com.br\/site\/wp-json\/wp\/v2\/media?parent=16565"}],"wp:term":[{"taxonomy":"product_brand","embeddable":true,"href":"https:\/\/www.avmbianco.com.br\/site\/wp-json\/wp\/v2\/product_brand?post=16565"},{"taxonomy":"product_cat","embeddable":true,"href":"https:\/\/www.avmbianco.com.br\/site\/wp-json\/wp\/v2\/product_cat?post=16565"},{"taxonomy":"product_tag","embeddable":true,"href":"https:\/\/www.avmbianco.com.br\/site\/wp-json\/wp\/v2\/product_tag?post=16565"}],"curies":[{"name":"wp","href":"https:\/\/api.w.org\/{rel}","templated":true}]}}