{"id":16568,"date":"2025-03-19T12:40:08","date_gmt":"2025-03-19T15:40:08","guid":{"rendered":"https:\/\/www.avmbianco.com.br\/site\/?post_type=product&#038;p=16568"},"modified":"2025-03-19T12:45:56","modified_gmt":"2025-03-19T15:45:56","slug":"silicone-em-spray-liquido","status":"publish","type":"product","link":"https:\/\/www.avmbianco.com.br\/site\/produto\/silicone-em-spray-liquido\/","title":{"rendered":"Silicone Em Spray Liquido"},"content":{"rendered":"<p>O Silicone L\u00edquido Spray da Tekbond foi especialmente desenvolvido para formar uma pel\u00edcula transparente capaz de proteger as superf\u00edcies da a\u00e7\u00e3o do sol, da chuva, maresia, corros\u00e3o etc. De f\u00e1cil aplica\u00e7\u00e3o, \u00e9 perfeito tamb\u00e9m para dar brilho e real\u00e7ar a cor de pl\u00e1sticos, borrachas e materiais vini\u0301licos.<\/p>\n<p>\u00c9 o produto certo para quem faz quest\u00e3o de cuidar dos seus bens, deixando tudo sempre protegido, com funcionamento impec\u00e1vel e aspecto de novo.<\/p>\n<p>&nbsp;<\/p>\n<h4><strong>Caracter\u00edsticas e Benef\u00edcios<\/strong><\/h4>\n<ul>\n<li>Lubrifica e elimina ru\u00eddos;<\/li>\n<li>Cria uma pel\u00edcula transparente impermeabilizante que protege as superf\u00edcies da a\u00e7\u00e3o do sol, chuva, maresia, corros\u00e3o etc.;<\/li>\n<li>D\u00e1 brilho e real\u00e7a a cor de pl\u00e1sticos, borrachas e materiais vin\u00edlicos;<\/li>\n<li>Possui bico prolongador para aplica\u00e7\u00e3o em locais de dif\u00edcil acesso;<\/li>\n<\/ul>\n<ul>\n<li>F\u00e1cil de usar.<\/li>\n<\/ul>\n<p>&nbsp;<\/p>\n<h4><strong>Modo de Uso<\/strong><\/h4>\n<p>1. Agite bem antes de usar.<\/p>\n<p>2. Pulverize as \u00e1reas desejadas a uma dist\u00e2ncia de aproximadamente 20 cm. Para locais de dif\u00edcil acesso, use o bico prolongador.<\/p>\n<p>3. Desligue equipamentos energizados para fazer a aplica\u00e7\u00e3o e espere o g\u00e1s evaporar. S\u00f3 depois ligue o aparelho novamente.<\/p>\n<p>&nbsp;<\/p>\n<h4><strong>Modo de Uso<\/strong><\/h4>\n<p>Apar\u00eancia (visual): l\u00edquido incolor com odor caracter\u00edstico, insol\u00favel em \u00e1gua.<\/p>\n<p>pH a 25 \u00b0C:\u00a0 6,00 a 7,50<\/p>\n<p>Densidade a 25 \u00b0C:\u00a0 0,97 a 1,01 g\/cm\u00b3<\/p>\n<p>Press\u00e3o interna a 50 \u00b0C:\u00a0 45 a 65 Psi<\/p>\n<p>Taxa de libera\u00e7\u00e3o:\u00a0 60 a 100 g\/min<\/p>\n","protected":false},"excerpt":{"rendered":"<p>O produto lubrifica e possibilita o melhor deslizamento de pe\u00e7as, eliminando ru\u00eddos. Nos ve\u00edculos, pode ser utilizado em rodas, pneus, laterais de portas, frisos laterais, consoles, pain\u00e9is, canaletas de vidros, borrachas, para-choques, entre outros. Lubrifica fechaduras, dobradi\u00e7as, trilhos de cortinas, canaletas, persianas e esteiras para corrida. Impermeabiliza e d\u00e1 brilho em ferramentas e at\u00e9 em sapatos.<\/p>\n","protected":false},"featured_media":16569,"comment_status":"open","ping_status":"closed","template":"","meta":[],"product_brand":[],"product_cat":[217],"product_tag":[],"class_list":{"0":"post-16568","1":"product","2":"type-product","3":"status-publish","4":"has-post-thumbnail","6":"product_cat-oleo","8":"first","9":"instock","10":"taxable","11":"shipping-taxable","12":"purchasable","13":"product-type-simple"},"_links":{"self":[{"href":"https:\/\/www.avmbianco.com.br\/site\/wp-json\/wp\/v2\/product\/16568","targetHints":{"allow":["GET"]}}],"collection":[{"href":"https:\/\/www.avmbianco.com.br\/site\/wp-json\/wp\/v2\/product"}],"about":[{"href":"https:\/\/www.avmbianco.com.br\/site\/wp-json\/wp\/v2\/types\/product"}],"replies":[{"embeddable":true,"href":"https:\/\/www.avmbianco.com.br\/site\/wp-json\/wp\/v2\/comments?post=16568"}],"wp:featuredmedia":[{"embeddable":true,"href":"https:\/\/www.avmbianco.com.br\/site\/wp-json\/wp\/v2\/media\/16569"}],"wp:attachment":[{"href":"https:\/\/www.avmbianco.com.br\/site\/wp-json\/wp\/v2\/media?parent=16568"}],"wp:term":[{"taxonomy":"product_brand","embeddable":true,"href":"https:\/\/www.avmbianco.com.br\/site\/wp-json\/wp\/v2\/product_brand?post=16568"},{"taxonomy":"product_cat","embeddable":true,"href":"https:\/\/www.avmbianco.com.br\/site\/wp-json\/wp\/v2\/product_cat?post=16568"},{"taxonomy":"product_tag","embeddable":true,"href":"https:\/\/www.avmbianco.com.br\/site\/wp-json\/wp\/v2\/product_tag?post=16568"}],"curies":[{"name":"wp","href":"https:\/\/api.w.org\/{rel}","templated":true}]}}