{"id":16986,"date":"2025-04-02T11:11:11","date_gmt":"2025-04-02T14:11:11","guid":{"rendered":"https:\/\/www.avmbianco.com.br\/site\/?post_type=product&#038;p=16986"},"modified":"2025-04-02T11:11:11","modified_gmt":"2025-04-02T14:11:11","slug":"fita-de-juta-com-renda","status":"publish","type":"product","link":"https:\/\/www.avmbianco.com.br\/site\/produto\/fita-de-juta-com-renda\/","title":{"rendered":"Fita De Juta Com Renda"},"content":{"rendered":"","protected":false},"excerpt":{"rendered":"<p>A fita de juta com renda \u00e9 um belo e vers\u00e1til acess\u00f3rio para adicionar um toque encantador aos seus projetos artesanais e decorativos. Com uma largura de 40mm, esta fita combina a beleza r\u00fastica da juta com a delicadeza da renda, proporcionando um visual elegante e sofisticado.<\/p>\n<p>Composi\u00e7\u00e3o: 100% Juta<br \/>\nUnidade de Venda: 1 rolo com 10 metros<\/p>\n","protected":false},"featured_media":16994,"comment_status":"open","ping_status":"closed","template":"","meta":[],"product_brand":[],"product_cat":[491],"product_tag":[],"class_list":{"0":"post-16986","1":"product","2":"type-product","3":"status-publish","4":"has-post-thumbnail","6":"product_cat-juta","8":"first","9":"instock","10":"taxable","11":"shipping-taxable","12":"purchasable","13":"product-type-variable"},"_links":{"self":[{"href":"https:\/\/www.avmbianco.com.br\/site\/wp-json\/wp\/v2\/product\/16986","targetHints":{"allow":["GET"]}}],"collection":[{"href":"https:\/\/www.avmbianco.com.br\/site\/wp-json\/wp\/v2\/product"}],"about":[{"href":"https:\/\/www.avmbianco.com.br\/site\/wp-json\/wp\/v2\/types\/product"}],"replies":[{"embeddable":true,"href":"https:\/\/www.avmbianco.com.br\/site\/wp-json\/wp\/v2\/comments?post=16986"}],"wp:featuredmedia":[{"embeddable":true,"href":"https:\/\/www.avmbianco.com.br\/site\/wp-json\/wp\/v2\/media\/16994"}],"wp:attachment":[{"href":"https:\/\/www.avmbianco.com.br\/site\/wp-json\/wp\/v2\/media?parent=16986"}],"wp:term":[{"taxonomy":"product_brand","embeddable":true,"href":"https:\/\/www.avmbianco.com.br\/site\/wp-json\/wp\/v2\/product_brand?post=16986"},{"taxonomy":"product_cat","embeddable":true,"href":"https:\/\/www.avmbianco.com.br\/site\/wp-json\/wp\/v2\/product_cat?post=16986"},{"taxonomy":"product_tag","embeddable":true,"href":"https:\/\/www.avmbianco.com.br\/site\/wp-json\/wp\/v2\/product_tag?post=16986"}],"curies":[{"name":"wp","href":"https:\/\/api.w.org\/{rel}","templated":true}]}}