{"id":17293,"date":"2025-04-17T11:51:11","date_gmt":"2025-04-17T14:51:11","guid":{"rendered":"https:\/\/www.avmbianco.com.br\/site\/?post_type=product&#038;p=17293"},"modified":"2025-04-17T11:55:04","modified_gmt":"2025-04-17T14:55:04","slug":"agulha-croche-cabo-emborrachado","status":"publish","type":"product","link":"https:\/\/www.avmbianco.com.br\/site\/produto\/agulha-croche-cabo-emborrachado\/","title":{"rendered":"Agulha Croche Cabo Emborrachado"},"content":{"rendered":"","protected":false},"excerpt":{"rendered":"<p>Torne a sua experi\u00eancia de crochetar mais leve e efici\u00eante com a Agulha de Croch\u00ea Merita! Produzida especialmente para garantir\u00a0<strong>conforto no manuseio<\/strong>\u00a0durante trabalhos curtos e longos, sem machucar as m\u00e3os. Seu diferencial est\u00e1 no\u00a0<strong>cabo emborrachado ergon\u00f4mico<\/strong>, que garante n\u00e3o apenas beleza e maciez, mas tamb\u00e9m\u00a0<strong>n\u00e3o desliza da m\u00e3o<\/strong>, proporcioando uma pegada mais firme e precisa. Al\u00e9m disso, o\u00a0<strong>cabo colorido<\/strong>\u00a0auxilia na organiza\u00e7\u00e3o e na escolha da agulha, pois cada cor identifica um tamanho. A Agulha de Croch\u00ea Merita \u00e9 produzda em alum\u00ednio, conferindo maior\u00a0<strong>durabilidade e resist\u00eancia<\/strong>.\u00a0<strong>Dica:<\/strong>\u00a0Antes de iniciar um trabalho, certifique-se de encontrar a agulha mais adequada para a sua linha.<\/p>\n","protected":false},"featured_media":17297,"comment_status":"open","ping_status":"closed","template":"","meta":[],"product_brand":[],"product_cat":[29,30],"product_tag":[],"class_list":{"0":"post-17293","1":"product","2":"type-product","3":"status-publish","4":"has-post-thumbnail","6":"product_cat-agulhas","7":"product_cat-crochet","9":"first","10":"instock","11":"taxable","12":"shipping-taxable","13":"purchasable","14":"product-type-variable"},"_links":{"self":[{"href":"https:\/\/www.avmbianco.com.br\/site\/wp-json\/wp\/v2\/product\/17293","targetHints":{"allow":["GET"]}}],"collection":[{"href":"https:\/\/www.avmbianco.com.br\/site\/wp-json\/wp\/v2\/product"}],"about":[{"href":"https:\/\/www.avmbianco.com.br\/site\/wp-json\/wp\/v2\/types\/product"}],"replies":[{"embeddable":true,"href":"https:\/\/www.avmbianco.com.br\/site\/wp-json\/wp\/v2\/comments?post=17293"}],"wp:featuredmedia":[{"embeddable":true,"href":"https:\/\/www.avmbianco.com.br\/site\/wp-json\/wp\/v2\/media\/17297"}],"wp:attachment":[{"href":"https:\/\/www.avmbianco.com.br\/site\/wp-json\/wp\/v2\/media?parent=17293"}],"wp:term":[{"taxonomy":"product_brand","embeddable":true,"href":"https:\/\/www.avmbianco.com.br\/site\/wp-json\/wp\/v2\/product_brand?post=17293"},{"taxonomy":"product_cat","embeddable":true,"href":"https:\/\/www.avmbianco.com.br\/site\/wp-json\/wp\/v2\/product_cat?post=17293"},{"taxonomy":"product_tag","embeddable":true,"href":"https:\/\/www.avmbianco.com.br\/site\/wp-json\/wp\/v2\/product_tag?post=17293"}],"curies":[{"name":"wp","href":"https:\/\/api.w.org\/{rel}","templated":true}]}}