{"id":17644,"date":"2025-05-29T15:34:58","date_gmt":"2025-05-29T18:34:58","guid":{"rendered":"https:\/\/www.avmbianco.com.br\/site\/?post_type=product&#038;p=17644"},"modified":"2025-05-29T15:34:58","modified_gmt":"2025-05-29T18:34:58","slug":"cordao-trancado-de-algodao-cru-4445","status":"publish","type":"product","link":"https:\/\/www.avmbianco.com.br\/site\/produto\/cordao-trancado-de-algodao-cru-4445\/","title":{"rendered":"Cord\u00e3o Tran\u00e7ado De Algod\u00e3o Cru 4445"},"content":{"rendered":"","protected":false},"excerpt":{"rendered":"<p>O Cord\u00e3o de Algod\u00e3o S\u00e3o Jose 4445 10mm\u00a0 Cru \u00e9 ideal para ser utilizado em chinelo, colar, almofada, cortina, roupas em geral. Tamb\u00e9m pode ser utilizado para trabalhos de artesanatos como suporte de vasos em Macram\u00ea, bolsas, tric\u00f4, croch\u00ea, tapetes.<\/p>\n<p>Rolo Com 20mt<\/p>\n<p>100% Algod\u00e3o<\/p>\n","protected":false},"featured_media":17647,"comment_status":"open","ping_status":"closed","template":"","meta":[],"product_brand":[],"product_cat":[316,179],"product_tag":[],"class_list":{"0":"post-17644","1":"product","2":"type-product","3":"status-publish","4":"has-post-thumbnail","6":"product_cat-algodao","7":"product_cat-cordao","9":"first","10":"instock","11":"taxable","12":"shipping-taxable","13":"purchasable","14":"product-type-simple"},"_links":{"self":[{"href":"https:\/\/www.avmbianco.com.br\/site\/wp-json\/wp\/v2\/product\/17644","targetHints":{"allow":["GET"]}}],"collection":[{"href":"https:\/\/www.avmbianco.com.br\/site\/wp-json\/wp\/v2\/product"}],"about":[{"href":"https:\/\/www.avmbianco.com.br\/site\/wp-json\/wp\/v2\/types\/product"}],"replies":[{"embeddable":true,"href":"https:\/\/www.avmbianco.com.br\/site\/wp-json\/wp\/v2\/comments?post=17644"}],"wp:featuredmedia":[{"embeddable":true,"href":"https:\/\/www.avmbianco.com.br\/site\/wp-json\/wp\/v2\/media\/17647"}],"wp:attachment":[{"href":"https:\/\/www.avmbianco.com.br\/site\/wp-json\/wp\/v2\/media?parent=17644"}],"wp:term":[{"taxonomy":"product_brand","embeddable":true,"href":"https:\/\/www.avmbianco.com.br\/site\/wp-json\/wp\/v2\/product_brand?post=17644"},{"taxonomy":"product_cat","embeddable":true,"href":"https:\/\/www.avmbianco.com.br\/site\/wp-json\/wp\/v2\/product_cat?post=17644"},{"taxonomy":"product_tag","embeddable":true,"href":"https:\/\/www.avmbianco.com.br\/site\/wp-json\/wp\/v2\/product_tag?post=17644"}],"curies":[{"name":"wp","href":"https:\/\/api.w.org\/{rel}","templated":true}]}}