{"id":17957,"date":"2025-08-12T15:23:58","date_gmt":"2025-08-12T18:23:58","guid":{"rendered":"https:\/\/www.avmbianco.com.br\/site\/?post_type=product&#038;p=17957"},"modified":"2025-08-12T15:35:04","modified_gmt":"2025-08-12T18:35:04","slug":"giz-em-po-aplicador","status":"publish","type":"product","link":"https:\/\/www.avmbianco.com.br\/site\/produto\/giz-em-po-aplicador\/","title":{"rendered":"Giz Em P\u00f3 C\/ Aplicador"},"content":{"rendered":"","protected":false},"excerpt":{"rendered":"<p>Giz em p\u00f3 em embalagem triangular com carretilha, utilizado em alfaiataria e modelagem em geral para marca\u00e7\u00e3o de tecidos. Produz um tra\u00e7o fino e preciso, que some na lavagem normal ou com escova\u00e7\u00e3o.<br \/>\nPermite o uso cont\u00ednuo, trocando apenas o refil do p\u00f3<\/p>\n<p>OBS:SOMENTE BRANCO NO MOMENTO.<\/p>\n","protected":false},"featured_media":17959,"comment_status":"open","ping_status":"closed","template":"","meta":[],"product_brand":[],"product_cat":[159],"product_tag":[],"class_list":{"0":"post-17957","1":"product","2":"type-product","3":"status-publish","4":"has-post-thumbnail","6":"product_cat-giz","8":"first","9":"instock","10":"taxable","11":"shipping-taxable","12":"purchasable","13":"product-type-simple"},"_links":{"self":[{"href":"https:\/\/www.avmbianco.com.br\/site\/wp-json\/wp\/v2\/product\/17957","targetHints":{"allow":["GET"]}}],"collection":[{"href":"https:\/\/www.avmbianco.com.br\/site\/wp-json\/wp\/v2\/product"}],"about":[{"href":"https:\/\/www.avmbianco.com.br\/site\/wp-json\/wp\/v2\/types\/product"}],"replies":[{"embeddable":true,"href":"https:\/\/www.avmbianco.com.br\/site\/wp-json\/wp\/v2\/comments?post=17957"}],"wp:featuredmedia":[{"embeddable":true,"href":"https:\/\/www.avmbianco.com.br\/site\/wp-json\/wp\/v2\/media\/17959"}],"wp:attachment":[{"href":"https:\/\/www.avmbianco.com.br\/site\/wp-json\/wp\/v2\/media?parent=17957"}],"wp:term":[{"taxonomy":"product_brand","embeddable":true,"href":"https:\/\/www.avmbianco.com.br\/site\/wp-json\/wp\/v2\/product_brand?post=17957"},{"taxonomy":"product_cat","embeddable":true,"href":"https:\/\/www.avmbianco.com.br\/site\/wp-json\/wp\/v2\/product_cat?post=17957"},{"taxonomy":"product_tag","embeddable":true,"href":"https:\/\/www.avmbianco.com.br\/site\/wp-json\/wp\/v2\/product_tag?post=17957"}],"curies":[{"name":"wp","href":"https:\/\/api.w.org\/{rel}","templated":true}]}}