{"id":4028,"date":"2017-03-30T12:18:02","date_gmt":"2017-03-30T12:18:02","guid":{"rendered":"http:\/\/www.avmbianco.com.br\/site\/?post_type=product&#038;p=4028"},"modified":"2025-03-26T14:58:37","modified_gmt":"2025-03-26T17:58:37","slug":"elastico-colombe","status":"publish","type":"product","link":"https:\/\/www.avmbianco.com.br\/site\/produto\/elastico-colombe\/","title":{"rendered":"El\u00e1stico Colombe 15R"},"content":{"rendered":"<p>El\u00e1stico Colombe 69% poli\u00e9ster e 31% elastoideno com 10mts.<\/p>\n","protected":false},"excerpt":{"rendered":"<p>El\u00e1sticos de alta resist\u00eancia e durabilidade para confec\u00e7\u00e3o e artesanato. Utilizado em cintos, convites, roupas em geral, etc.<\/p>\n<p>El\u00e1stico Colombe chato.<\/p>\n<p>Composi\u00e7\u00e3o:69% poli\u00e9ster e 31% elastoideno<\/p>\n<p>Temos tamb\u00e9m nos tamanhos de 4mm,5mm,6mm,9mm<\/p>\n<h5 style=\"text-align: center;\"><strong>*Consulte Cores Dispon\u00edveis*<\/strong><\/h5>\n","protected":false},"featured_media":4018,"comment_status":"open","ping_status":"closed","template":"","meta":[],"product_brand":[],"product_cat":[19],"product_tag":[],"class_list":{"0":"post-4028","1":"product","2":"type-product","3":"status-publish","4":"has-post-thumbnail","6":"product_cat-elasticos","7":"pa_largura-7-mm","9":"first","10":"instock","11":"taxable","12":"shipping-taxable","13":"purchasable","14":"product-type-variable"},"_links":{"self":[{"href":"https:\/\/www.avmbianco.com.br\/site\/wp-json\/wp\/v2\/product\/4028","targetHints":{"allow":["GET"]}}],"collection":[{"href":"https:\/\/www.avmbianco.com.br\/site\/wp-json\/wp\/v2\/product"}],"about":[{"href":"https:\/\/www.avmbianco.com.br\/site\/wp-json\/wp\/v2\/types\/product"}],"replies":[{"embeddable":true,"href":"https:\/\/www.avmbianco.com.br\/site\/wp-json\/wp\/v2\/comments?post=4028"}],"wp:featuredmedia":[{"embeddable":true,"href":"https:\/\/www.avmbianco.com.br\/site\/wp-json\/wp\/v2\/media\/4018"}],"wp:attachment":[{"href":"https:\/\/www.avmbianco.com.br\/site\/wp-json\/wp\/v2\/media?parent=4028"}],"wp:term":[{"taxonomy":"product_brand","embeddable":true,"href":"https:\/\/www.avmbianco.com.br\/site\/wp-json\/wp\/v2\/product_brand?post=4028"},{"taxonomy":"product_cat","embeddable":true,"href":"https:\/\/www.avmbianco.com.br\/site\/wp-json\/wp\/v2\/product_cat?post=4028"},{"taxonomy":"product_tag","embeddable":true,"href":"https:\/\/www.avmbianco.com.br\/site\/wp-json\/wp\/v2\/product_tag?post=4028"}],"curies":[{"name":"wp","href":"https:\/\/api.w.org\/{rel}","templated":true}]}}