{"id":4196,"date":"2017-03-30T16:17:41","date_gmt":"2017-03-30T19:17:41","guid":{"rendered":"http:\/\/www.avmbianco.com.br\/site\/?post_type=product&#038;p=4196"},"modified":"2025-03-26T10:08:02","modified_gmt":"2025-03-26T13:08:02","slug":"elastico-colombe-rolico","status":"publish","type":"product","link":"https:\/\/www.avmbianco.com.br\/site\/produto\/elastico-colombe-rolico\/","title":{"rendered":"El\u00e1stico Colombe Roli\u00e7o"},"content":{"rendered":"","protected":false},"excerpt":{"rendered":"<p>El\u00e1stico Roli\u00e7o<\/p>\n<p>Composi\u00e7\u00e3o: 65% Elastodieno 35% Poli\u00e9ster<\/p>\n<p>El\u00e1stico Roli\u00e7o chiquinha ideal para embalagens, decora\u00e7\u00e3o e muito mais.<\/p>\n<p>2R 1.0mm de espessura<\/p>\n<p>5R .0mm de espessura<\/p>\n<p>10R 2.5mm de espessura<\/p>\n<p>15R 2.8mm de espessura<\/p>\n<p>20R 3.0mm de espessura<\/p>\n<p>30R 3.4mm de espessura<\/p>\n<h4 style=\"text-align: center;\"><strong>***CONSULTE CORES DISPON\u00cdVEIS***<\/strong><\/h4>\n<p>VEJA TAMB\u00c9M EL\u00c1STICO ROLI\u00c7O AVM<\/p>\n<p>&nbsp;<\/p>\n","protected":false},"featured_media":4020,"comment_status":"open","ping_status":"closed","template":"","meta":[],"product_brand":[],"product_cat":[19],"product_tag":[],"class_list":{"0":"post-4196","1":"product","2":"type-product","3":"status-publish","4":"has-post-thumbnail","6":"product_cat-elasticos","8":"first","9":"instock","10":"taxable","11":"shipping-taxable","12":"purchasable","13":"product-type-variable"},"_links":{"self":[{"href":"https:\/\/www.avmbianco.com.br\/site\/wp-json\/wp\/v2\/product\/4196","targetHints":{"allow":["GET"]}}],"collection":[{"href":"https:\/\/www.avmbianco.com.br\/site\/wp-json\/wp\/v2\/product"}],"about":[{"href":"https:\/\/www.avmbianco.com.br\/site\/wp-json\/wp\/v2\/types\/product"}],"replies":[{"embeddable":true,"href":"https:\/\/www.avmbianco.com.br\/site\/wp-json\/wp\/v2\/comments?post=4196"}],"wp:featuredmedia":[{"embeddable":true,"href":"https:\/\/www.avmbianco.com.br\/site\/wp-json\/wp\/v2\/media\/4020"}],"wp:attachment":[{"href":"https:\/\/www.avmbianco.com.br\/site\/wp-json\/wp\/v2\/media?parent=4196"}],"wp:term":[{"taxonomy":"product_brand","embeddable":true,"href":"https:\/\/www.avmbianco.com.br\/site\/wp-json\/wp\/v2\/product_brand?post=4196"},{"taxonomy":"product_cat","embeddable":true,"href":"https:\/\/www.avmbianco.com.br\/site\/wp-json\/wp\/v2\/product_cat?post=4196"},{"taxonomy":"product_tag","embeddable":true,"href":"https:\/\/www.avmbianco.com.br\/site\/wp-json\/wp\/v2\/product_tag?post=4196"}],"curies":[{"name":"wp","href":"https:\/\/api.w.org\/{rel}","templated":true}]}}