{"id":4345,"date":"2017-03-31T09:25:14","date_gmt":"2017-03-31T12:25:14","guid":{"rendered":"http:\/\/www.avmbianco.com.br\/site\/?post_type=product&#038;p=4345"},"modified":"2025-03-26T09:39:40","modified_gmt":"2025-03-26T12:39:40","slug":"barbatana-metal-flexivel","status":"publish","type":"product","link":"https:\/\/www.avmbianco.com.br\/site\/produto\/barbatana-metal-flexivel\/","title":{"rendered":"Barbatana Metal Flex\u00edvel"},"content":{"rendered":"<p>Barbatana Metal Flex\u00edvel.<\/p>\n","protected":false},"excerpt":{"rendered":"<p>Barbatana metal flex\u00edvel.<\/p>\n<p>Composi\u00e7\u00e3o: Arame de a\u00e7o, zinco e alum\u00ednio.<\/p>\n<p>Barbatana met\u00e1lica para uso em roupas femininas e masculinas. Indicado para costureiras e f\u00e1bricas.<\/p>\n<p>*Consulte Valores acima de 15 pe\u00e7as*<\/p>\n","protected":false},"featured_media":15208,"comment_status":"open","ping_status":"closed","template":"","meta":[],"product_brand":[],"product_cat":[38],"product_tag":[],"class_list":{"0":"post-4345","1":"product","2":"type-product","3":"status-publish","4":"has-post-thumbnail","6":"product_cat-barbatanas","7":"pa_largura-5-mm","9":"first","10":"instock","11":"taxable","12":"shipping-taxable","13":"purchasable","14":"product-type-variable"},"_links":{"self":[{"href":"https:\/\/www.avmbianco.com.br\/site\/wp-json\/wp\/v2\/product\/4345","targetHints":{"allow":["GET"]}}],"collection":[{"href":"https:\/\/www.avmbianco.com.br\/site\/wp-json\/wp\/v2\/product"}],"about":[{"href":"https:\/\/www.avmbianco.com.br\/site\/wp-json\/wp\/v2\/types\/product"}],"replies":[{"embeddable":true,"href":"https:\/\/www.avmbianco.com.br\/site\/wp-json\/wp\/v2\/comments?post=4345"}],"wp:featuredmedia":[{"embeddable":true,"href":"https:\/\/www.avmbianco.com.br\/site\/wp-json\/wp\/v2\/media\/15208"}],"wp:attachment":[{"href":"https:\/\/www.avmbianco.com.br\/site\/wp-json\/wp\/v2\/media?parent=4345"}],"wp:term":[{"taxonomy":"product_brand","embeddable":true,"href":"https:\/\/www.avmbianco.com.br\/site\/wp-json\/wp\/v2\/product_brand?post=4345"},{"taxonomy":"product_cat","embeddable":true,"href":"https:\/\/www.avmbianco.com.br\/site\/wp-json\/wp\/v2\/product_cat?post=4345"},{"taxonomy":"product_tag","embeddable":true,"href":"https:\/\/www.avmbianco.com.br\/site\/wp-json\/wp\/v2\/product_tag?post=4345"}],"curies":[{"name":"wp","href":"https:\/\/api.w.org\/{rel}","templated":true}]}}