{"id":4894,"date":"2017-04-04T19:12:25","date_gmt":"2017-04-04T19:12:25","guid":{"rendered":"http:\/\/www.avmbianco.com.br\/site\/?post_type=product&#038;p=4894"},"modified":"2025-04-01T12:13:48","modified_gmt":"2025-04-01T15:13:48","slug":"passamanaria-7910p","status":"publish","type":"product","link":"https:\/\/www.avmbianco.com.br\/site\/produto\/passamanaria-7910p\/","title":{"rendered":"Passamanaria 7910\/P"},"content":{"rendered":"","protected":false},"excerpt":{"rendered":"<p>Passamanarias de alt\u00edssima qualidade utilizados para acabamentos e decora\u00e7\u00e3o, em roupas, fantasias, etc.<\/p>\n<p><strong>Dados T\u00e9cnicos<\/strong>: Passa &#8211; Fita 7910\/P 16MM<\/p>\n<p><strong>Largura:<\/strong>\u00a016MM<\/p>\n<p><strong>Comprimento:<\/strong>\u00a010 metros<\/p>\n<p><strong>Composi\u00e7\u00e3o:<\/strong>\u00a065% Poli\u00e9ster 35% Polipropileno<\/p>\n","protected":false},"featured_media":4873,"comment_status":"open","ping_status":"closed","template":"","meta":[],"product_brand":[],"product_cat":[267],"product_tag":[],"class_list":{"0":"post-4894","1":"product","2":"type-product","3":"status-publish","4":"has-post-thumbnail","6":"product_cat-passamanarias","8":"first","9":"instock","10":"taxable","11":"shipping-taxable","12":"purchasable","13":"product-type-variable"},"_links":{"self":[{"href":"https:\/\/www.avmbianco.com.br\/site\/wp-json\/wp\/v2\/product\/4894","targetHints":{"allow":["GET"]}}],"collection":[{"href":"https:\/\/www.avmbianco.com.br\/site\/wp-json\/wp\/v2\/product"}],"about":[{"href":"https:\/\/www.avmbianco.com.br\/site\/wp-json\/wp\/v2\/types\/product"}],"replies":[{"embeddable":true,"href":"https:\/\/www.avmbianco.com.br\/site\/wp-json\/wp\/v2\/comments?post=4894"}],"wp:featuredmedia":[{"embeddable":true,"href":"https:\/\/www.avmbianco.com.br\/site\/wp-json\/wp\/v2\/media\/4873"}],"wp:attachment":[{"href":"https:\/\/www.avmbianco.com.br\/site\/wp-json\/wp\/v2\/media?parent=4894"}],"wp:term":[{"taxonomy":"product_brand","embeddable":true,"href":"https:\/\/www.avmbianco.com.br\/site\/wp-json\/wp\/v2\/product_brand?post=4894"},{"taxonomy":"product_cat","embeddable":true,"href":"https:\/\/www.avmbianco.com.br\/site\/wp-json\/wp\/v2\/product_cat?post=4894"},{"taxonomy":"product_tag","embeddable":true,"href":"https:\/\/www.avmbianco.com.br\/site\/wp-json\/wp\/v2\/product_tag?post=4894"}],"curies":[{"name":"wp","href":"https:\/\/api.w.org\/{rel}","templated":true}]}}