{"id":7310,"date":"2019-01-30T13:54:50","date_gmt":"2019-01-30T16:54:50","guid":{"rendered":"https:\/\/www.avmbianco.com.br\/site\/?post_type=product&#038;p=7310"},"modified":"2025-04-09T10:06:39","modified_gmt":"2025-04-09T13:06:39","slug":"cobre-gola","status":"publish","type":"product","link":"https:\/\/www.avmbianco.com.br\/site\/produto\/cobre-gola\/","title":{"rendered":"Fita Cobre Gola"},"content":{"rendered":"<p>Cobre Gola 100% poli\u00e9ster<\/p>\n<p>rolos com 25mts<\/p>\n","protected":false},"excerpt":{"rendered":"<p>Fita Cobre Gola de Poli\u00e9ster para Confec\u00e7\u00f5es em Geral.<\/p>\n<p>Fita 100% poli\u00e9ster<br \/>\nLargura: 10mm ( 1cm )<br \/>\nUtilizado na confec\u00e7\u00e3o de bijuterias, artesanatos, Decora\u00e7\u00e3o, Fantasias, bermudas, cal\u00e7ados, confec\u00e7\u00f5es em geral e etc.<\/p>\n<p>Rolos com 25mts<\/p>\n","protected":false},"featured_media":7302,"comment_status":"open","ping_status":"closed","template":"","meta":[],"product_brand":[],"product_cat":[310],"product_tag":[],"class_list":{"0":"post-7310","1":"product","2":"type-product","3":"status-publish","4":"has-post-thumbnail","6":"product_cat-cadarco","8":"first","9":"instock","10":"taxable","11":"shipping-taxable","12":"purchasable","13":"product-type-simple"},"_links":{"self":[{"href":"https:\/\/www.avmbianco.com.br\/site\/wp-json\/wp\/v2\/product\/7310","targetHints":{"allow":["GET"]}}],"collection":[{"href":"https:\/\/www.avmbianco.com.br\/site\/wp-json\/wp\/v2\/product"}],"about":[{"href":"https:\/\/www.avmbianco.com.br\/site\/wp-json\/wp\/v2\/types\/product"}],"replies":[{"embeddable":true,"href":"https:\/\/www.avmbianco.com.br\/site\/wp-json\/wp\/v2\/comments?post=7310"}],"wp:featuredmedia":[{"embeddable":true,"href":"https:\/\/www.avmbianco.com.br\/site\/wp-json\/wp\/v2\/media\/7302"}],"wp:attachment":[{"href":"https:\/\/www.avmbianco.com.br\/site\/wp-json\/wp\/v2\/media?parent=7310"}],"wp:term":[{"taxonomy":"product_brand","embeddable":true,"href":"https:\/\/www.avmbianco.com.br\/site\/wp-json\/wp\/v2\/product_brand?post=7310"},{"taxonomy":"product_cat","embeddable":true,"href":"https:\/\/www.avmbianco.com.br\/site\/wp-json\/wp\/v2\/product_cat?post=7310"},{"taxonomy":"product_tag","embeddable":true,"href":"https:\/\/www.avmbianco.com.br\/site\/wp-json\/wp\/v2\/product_tag?post=7310"}],"curies":[{"name":"wp","href":"https:\/\/api.w.org\/{rel}","templated":true}]}}