{"id":8608,"date":"2019-06-18T15:31:06","date_gmt":"2019-06-18T18:31:06","guid":{"rendered":"https:\/\/www.avmbianco.com.br\/site\/?post_type=product&#038;p=8608"},"modified":"2025-04-16T11:36:51","modified_gmt":"2025-04-16T14:36:51","slug":"linha-de-costura-invisivel","status":"publish","type":"product","link":"https:\/\/www.avmbianco.com.br\/site\/produto\/linha-de-costura-invisivel\/","title":{"rendered":"Linha de Costura Invis\u00edvel"},"content":{"rendered":"","protected":false},"excerpt":{"rendered":"<p>Linha Invis\u00edvel 0,20mm 100g<br \/>\nComposi\u00e7\u00e3o:100 Poliamida(Nylon)<br \/>\nComprimento 358dtex Aproximadamente: 2.793mts<\/p>\n<p>Costura de roupas e tecidos finos ou onde n\u00e3o se queira que apare\u00e7a a costura (linha), costura de etiquetas, cortinas, confec\u00e7\u00e3o de bijouterias, artesanato em geral, etc&#8230;.<\/p>\n","protected":false},"featured_media":8613,"comment_status":"open","ping_status":"closed","template":"","meta":[],"product_brand":[],"product_cat":[53],"product_tag":[],"class_list":{"0":"post-8608","1":"product","2":"type-product","3":"status-publish","4":"has-post-thumbnail","6":"product_cat-linhas","8":"first","9":"outofstock","10":"taxable","11":"shipping-taxable","12":"purchasable","13":"product-type-simple"},"_links":{"self":[{"href":"https:\/\/www.avmbianco.com.br\/site\/wp-json\/wp\/v2\/product\/8608","targetHints":{"allow":["GET"]}}],"collection":[{"href":"https:\/\/www.avmbianco.com.br\/site\/wp-json\/wp\/v2\/product"}],"about":[{"href":"https:\/\/www.avmbianco.com.br\/site\/wp-json\/wp\/v2\/types\/product"}],"replies":[{"embeddable":true,"href":"https:\/\/www.avmbianco.com.br\/site\/wp-json\/wp\/v2\/comments?post=8608"}],"wp:featuredmedia":[{"embeddable":true,"href":"https:\/\/www.avmbianco.com.br\/site\/wp-json\/wp\/v2\/media\/8613"}],"wp:attachment":[{"href":"https:\/\/www.avmbianco.com.br\/site\/wp-json\/wp\/v2\/media?parent=8608"}],"wp:term":[{"taxonomy":"product_brand","embeddable":true,"href":"https:\/\/www.avmbianco.com.br\/site\/wp-json\/wp\/v2\/product_brand?post=8608"},{"taxonomy":"product_cat","embeddable":true,"href":"https:\/\/www.avmbianco.com.br\/site\/wp-json\/wp\/v2\/product_cat?post=8608"},{"taxonomy":"product_tag","embeddable":true,"href":"https:\/\/www.avmbianco.com.br\/site\/wp-json\/wp\/v2\/product_tag?post=8608"}],"curies":[{"name":"wp","href":"https:\/\/api.w.org\/{rel}","templated":true}]}}