{"id":9004,"date":"2019-06-26T12:24:02","date_gmt":"2019-06-26T15:24:02","guid":{"rendered":"https:\/\/www.avmbianco.com.br\/site\/?post_type=product&#038;p=9004"},"modified":"2025-04-17T16:20:34","modified_gmt":"2025-04-17T19:20:34","slug":"kit-faz-pompom","status":"publish","type":"product","link":"https:\/\/www.avmbianco.com.br\/site\/produto\/kit-faz-pompom\/","title":{"rendered":"Kit Faz Pompom"},"content":{"rendered":"<p>Temos o prazer de apresentar a voc\u00ea o Aparelho Faz Pompom 4 Medidas Artesanato, um produto indispens\u00e1vel para quem adora trabalhos manuais e artesanato. Com esse aparelho, voc\u00ea poder\u00e1 criar pompons de diferentes tamanhos de maneira r\u00e1pida e f\u00e1cil, economizando tempo e energia em seus projetos. Al\u00e9m disso, ele \u00e9 muito simples de usar e pode ser utilizado por pessoas de todas as idades. Se voc\u00ea \u00e9 um amante do artesanato e deseja adicionar um toque especial em seus trabalhos, n\u00e3o perca a oportunidade de adquirir o Aparelho Faz Pompom 4 Medidas Artesanato. Pe\u00e7a j\u00e1 o seu e comece a criar pompons incr\u00edveis para decorar seus trabalhos!<\/p>\n","protected":false},"excerpt":{"rendered":"<p>Fa\u00e7a pompons da forma e tamanho ideais para o acabamento do seu trabalho!<\/p>\n<p>&#8211; Produzido em material pl\u00e1stico de alta durabilidade.<br \/>\n&#8211; Marca: News<\/p>\n<p>O pompom \u00e9 um acess\u00f3rio que combina com as mais variadas pe\u00e7as de moda e decora\u00e7\u00e3o, em estilos sofisticados ou casuais. O kit faz pompom \u00e9 composto por quatro pe\u00e7as de tamanhos diferentes, excelente para fazer pompom de formas e tamanhos padronizados, dando um acabamento perfeito ao seu trabalho.<\/p>\n<p>Medidas:<br \/>\n1\u00ba &#8211; 3,8cm (o par)<br \/>\n2\u00ba &#8211; 4,8cm (o par)<br \/>\n3\u00ba &#8211; 6,8cm (o par)<br \/>\n4\u00ba &#8211; 8,8cm (o par)<\/p>\n","protected":false},"featured_media":17326,"comment_status":"open","ping_status":"closed","template":"","meta":[],"product_brand":[],"product_cat":[23],"product_tag":[],"class_list":{"0":"post-9004","1":"product","2":"type-product","3":"status-publish","4":"has-post-thumbnail","6":"product_cat-acessorios","8":"first","9":"instock","10":"taxable","11":"shipping-taxable","12":"purchasable","13":"product-type-simple"},"_links":{"self":[{"href":"https:\/\/www.avmbianco.com.br\/site\/wp-json\/wp\/v2\/product\/9004","targetHints":{"allow":["GET"]}}],"collection":[{"href":"https:\/\/www.avmbianco.com.br\/site\/wp-json\/wp\/v2\/product"}],"about":[{"href":"https:\/\/www.avmbianco.com.br\/site\/wp-json\/wp\/v2\/types\/product"}],"replies":[{"embeddable":true,"href":"https:\/\/www.avmbianco.com.br\/site\/wp-json\/wp\/v2\/comments?post=9004"}],"wp:featuredmedia":[{"embeddable":true,"href":"https:\/\/www.avmbianco.com.br\/site\/wp-json\/wp\/v2\/media\/17326"}],"wp:attachment":[{"href":"https:\/\/www.avmbianco.com.br\/site\/wp-json\/wp\/v2\/media?parent=9004"}],"wp:term":[{"taxonomy":"product_brand","embeddable":true,"href":"https:\/\/www.avmbianco.com.br\/site\/wp-json\/wp\/v2\/product_brand?post=9004"},{"taxonomy":"product_cat","embeddable":true,"href":"https:\/\/www.avmbianco.com.br\/site\/wp-json\/wp\/v2\/product_cat?post=9004"},{"taxonomy":"product_tag","embeddable":true,"href":"https:\/\/www.avmbianco.com.br\/site\/wp-json\/wp\/v2\/product_tag?post=9004"}],"curies":[{"name":"wp","href":"https:\/\/api.w.org\/{rel}","templated":true}]}}