{"id":9577,"date":"2019-07-11T10:28:10","date_gmt":"2019-07-11T13:28:10","guid":{"rendered":"https:\/\/www.avmbianco.com.br\/site\/?post_type=product&#038;p=9577"},"modified":"2022-07-20T15:01:52","modified_gmt":"2022-07-20T18:01:52","slug":"ziper-metal-medio-por-metro","status":"publish","type":"product","link":"https:\/\/www.avmbianco.com.br\/site\/produto\/ziper-metal-medio-por-metro\/","title":{"rendered":"Z\u00edper Metal M\u00e9dio Por Metro"},"content":{"rendered":"","protected":false},"excerpt":{"rendered":"<p>Z\u00edper metal m\u00e9dio #3 Vendido por Metro<br \/>\nO z\u00edper possui 30 mm\u00a0 de largura total e cada unidade vendida no site representa 1 metro.\u00a0Ao selecionar mais de uma unidade, a metragem escolhida ser\u00e1 enviada de maneira cont\u00ednua, sem cortes.<br \/>\nCursor n\u00e3o acompanha o produto. Vendido separadamente.<\/p>\n<p>Ziper de Metal de alta resist\u00eancia,utilizado para confec\u00e7\u00f5es de bolsas, mochilas, necesseries, entre outros.<\/p>\n<p><strong>**Consulte Valores no Atacado**<\/strong><\/p>\n<p>&nbsp;<\/p>\n","protected":false},"featured_media":9559,"comment_status":"open","ping_status":"closed","template":"","meta":[],"product_brand":[],"product_cat":[579,577],"product_tag":[],"class_list":{"0":"post-9577","1":"product","2":"type-product","3":"status-publish","4":"has-post-thumbnail","6":"product_cat-metal","7":"product_cat-ziper","9":"first","10":"instock","11":"taxable","12":"shipping-taxable","13":"purchasable","14":"product-type-variable"},"_links":{"self":[{"href":"https:\/\/www.avmbianco.com.br\/site\/wp-json\/wp\/v2\/product\/9577","targetHints":{"allow":["GET"]}}],"collection":[{"href":"https:\/\/www.avmbianco.com.br\/site\/wp-json\/wp\/v2\/product"}],"about":[{"href":"https:\/\/www.avmbianco.com.br\/site\/wp-json\/wp\/v2\/types\/product"}],"replies":[{"embeddable":true,"href":"https:\/\/www.avmbianco.com.br\/site\/wp-json\/wp\/v2\/comments?post=9577"}],"wp:featuredmedia":[{"embeddable":true,"href":"https:\/\/www.avmbianco.com.br\/site\/wp-json\/wp\/v2\/media\/9559"}],"wp:attachment":[{"href":"https:\/\/www.avmbianco.com.br\/site\/wp-json\/wp\/v2\/media?parent=9577"}],"wp:term":[{"taxonomy":"product_brand","embeddable":true,"href":"https:\/\/www.avmbianco.com.br\/site\/wp-json\/wp\/v2\/product_brand?post=9577"},{"taxonomy":"product_cat","embeddable":true,"href":"https:\/\/www.avmbianco.com.br\/site\/wp-json\/wp\/v2\/product_cat?post=9577"},{"taxonomy":"product_tag","embeddable":true,"href":"https:\/\/www.avmbianco.com.br\/site\/wp-json\/wp\/v2\/product_tag?post=9577"}],"curies":[{"name":"wp","href":"https:\/\/api.w.org\/{rel}","templated":true}]}}