{"id":9729,"date":"2019-07-15T14:36:31","date_gmt":"2019-07-15T17:36:31","guid":{"rendered":"https:\/\/www.avmbianco.com.br\/site\/?post_type=product&#038;p=9729"},"modified":"2025-05-07T10:36:01","modified_gmt":"2025-05-07T13:36:01","slug":"kit-de-linha-para-pesponto","status":"publish","type":"product","link":"https:\/\/www.avmbianco.com.br\/site\/produto\/kit-de-linha-para-pesponto\/","title":{"rendered":"Kit de Linha Sortida P\/ Pesponto"},"content":{"rendered":"","protected":false},"excerpt":{"rendered":"<p>Linha para costura Pesponto Sortimento<br \/>\nCont\u00e9m: Pacote com 10 tubos c\/30mt cada rolo<\/p>\n<p>100% Poli\u00e9ster<\/p>\n<p>Linha Pesponto ideal para pespontos contrastantes em tecidos m\u00e9dios, pesados e jeans, de composi\u00e7\u00e3o mista, sint\u00e9tica ou natural, em blusas, cal\u00e7as, jaquetas, etc..<br \/>\nUnidade de venda: Blister com 10 e 5 tubos de 100m cada<\/p>\n<p>Fabricante:Costuratex<\/p>\n","protected":false},"featured_media":9706,"comment_status":"open","ping_status":"closed","template":"","meta":[],"product_brand":[],"product_cat":[53],"product_tag":[],"class_list":{"0":"post-9729","1":"product","2":"type-product","3":"status-publish","4":"has-post-thumbnail","6":"product_cat-linhas","8":"first","9":"instock","10":"taxable","11":"shipping-taxable","12":"purchasable","13":"product-type-variable"},"_links":{"self":[{"href":"https:\/\/www.avmbianco.com.br\/site\/wp-json\/wp\/v2\/product\/9729","targetHints":{"allow":["GET"]}}],"collection":[{"href":"https:\/\/www.avmbianco.com.br\/site\/wp-json\/wp\/v2\/product"}],"about":[{"href":"https:\/\/www.avmbianco.com.br\/site\/wp-json\/wp\/v2\/types\/product"}],"replies":[{"embeddable":true,"href":"https:\/\/www.avmbianco.com.br\/site\/wp-json\/wp\/v2\/comments?post=9729"}],"wp:featuredmedia":[{"embeddable":true,"href":"https:\/\/www.avmbianco.com.br\/site\/wp-json\/wp\/v2\/media\/9706"}],"wp:attachment":[{"href":"https:\/\/www.avmbianco.com.br\/site\/wp-json\/wp\/v2\/media?parent=9729"}],"wp:term":[{"taxonomy":"product_brand","embeddable":true,"href":"https:\/\/www.avmbianco.com.br\/site\/wp-json\/wp\/v2\/product_brand?post=9729"},{"taxonomy":"product_cat","embeddable":true,"href":"https:\/\/www.avmbianco.com.br\/site\/wp-json\/wp\/v2\/product_cat?post=9729"},{"taxonomy":"product_tag","embeddable":true,"href":"https:\/\/www.avmbianco.com.br\/site\/wp-json\/wp\/v2\/product_tag?post=9729"}],"curies":[{"name":"wp","href":"https:\/\/api.w.org\/{rel}","templated":true}]}}