{"id":9774,"date":"2019-07-16T11:57:53","date_gmt":"2019-07-16T14:57:53","guid":{"rendered":"https:\/\/www.avmbianco.com.br\/site\/?post_type=product&#038;p=9774"},"modified":"2025-02-19T10:43:16","modified_gmt":"2025-02-19T13:43:16","slug":"regua-curva-para-costura-e-patchwork-60cm","status":"publish","type":"product","link":"https:\/\/www.avmbianco.com.br\/site\/produto\/regua-curva-para-costura-e-patchwork-60cm\/","title":{"rendered":"R\u00e9gua Curva ABS Para Costura e Patchwork 60cm"},"content":{"rendered":"<p><strong><u>O que \u00e9 a curva para corte e costura 60cm?<\/u><\/strong><\/p>\n<p>A curva para corte e costura 60cm \u00e9\u00a0uma r\u00e9gua curva com grava\u00e7\u00e3o em cent\u00edmetros\u00a0que\u00a0permite desenhar e ligar curvas, de maneira que elas fiquem perfeitamente encaixadas, sem usar c\u00e1lculos de matem\u00e1tica.<\/p>\n<p>A curva para corte e costura 60cm \u00e9 colocada sobre o material de desenho e com um l\u00e1pis, caneta, faca ou outro instrumento \u00e9 tra\u00e7ada em torno das suas curvas para produzir o resultado desejado.<\/p>\n<p>Usar a curva para corte e costura 60cm \u00e9 bem simples. Apenas alinhe uma das se\u00e7\u00f5es da curva com os dois pontos que voc\u00ea quer conectar com uma curva. Em seguida, trace a borda da curva com o seu l\u00e1pis ou caneta eletr\u00f4nica. A grava\u00e7\u00e3o de cent\u00edmetros facilita a observa\u00e7\u00e3o de medidas em cada curva desenhada.<\/p>\n<p>O instrumento pode desenhar curvas no papel, prancheta digitalizadora ou at\u00e9 mesmo na tela do computador sens\u00edvel ao toque.<\/p>\n<p>&nbsp;<\/p>\n","protected":false},"excerpt":{"rendered":"<p>Utilizado no desenho de carros, vestidos, modelagem de roupas, projetos arquitet\u00f4nicos, desenho de j\u00f3ias, navega\u00e7\u00e3o mar\u00edtima ou qualquer desenho que contenha curvas.<\/p>\n<p>Esse modelo de curva \u00e9 largamente utilizado por estudantes e profissionais de moda e estilismo.<\/p>\n","protected":false},"featured_media":9751,"comment_status":"open","ping_status":"closed","template":"","meta":[],"product_brand":[],"product_cat":[65],"product_tag":[],"class_list":{"0":"post-9774","1":"product","2":"type-product","3":"status-publish","4":"has-post-thumbnail","6":"product_cat-acessorio-regua","8":"first","9":"outofstock","10":"taxable","11":"shipping-taxable","12":"purchasable","13":"product-type-simple"},"_links":{"self":[{"href":"https:\/\/www.avmbianco.com.br\/site\/wp-json\/wp\/v2\/product\/9774","targetHints":{"allow":["GET"]}}],"collection":[{"href":"https:\/\/www.avmbianco.com.br\/site\/wp-json\/wp\/v2\/product"}],"about":[{"href":"https:\/\/www.avmbianco.com.br\/site\/wp-json\/wp\/v2\/types\/product"}],"replies":[{"embeddable":true,"href":"https:\/\/www.avmbianco.com.br\/site\/wp-json\/wp\/v2\/comments?post=9774"}],"wp:featuredmedia":[{"embeddable":true,"href":"https:\/\/www.avmbianco.com.br\/site\/wp-json\/wp\/v2\/media\/9751"}],"wp:attachment":[{"href":"https:\/\/www.avmbianco.com.br\/site\/wp-json\/wp\/v2\/media?parent=9774"}],"wp:term":[{"taxonomy":"product_brand","embeddable":true,"href":"https:\/\/www.avmbianco.com.br\/site\/wp-json\/wp\/v2\/product_brand?post=9774"},{"taxonomy":"product_cat","embeddable":true,"href":"https:\/\/www.avmbianco.com.br\/site\/wp-json\/wp\/v2\/product_cat?post=9774"},{"taxonomy":"product_tag","embeddable":true,"href":"https:\/\/www.avmbianco.com.br\/site\/wp-json\/wp\/v2\/product_tag?post=9774"}],"curies":[{"name":"wp","href":"https:\/\/api.w.org\/{rel}","templated":true}]}}