{"id":9975,"date":"2019-07-19T10:40:50","date_gmt":"2019-07-19T13:40:50","guid":{"rendered":"https:\/\/www.avmbianco.com.br\/site\/?post_type=product&#038;p=9975"},"modified":"2025-05-08T12:15:34","modified_gmt":"2025-05-08T15:15:34","slug":"fecho-balao-engate-rapido-40mm-p-bolsa-e-mochila","status":"publish","type":"product","link":"https:\/\/www.avmbianco.com.br\/site\/produto\/fecho-balao-engate-rapido-40mm-p-bolsa-e-mochila\/","title":{"rendered":"Fecho Bal\u00e3o Engate R\u00e1pido 40mm P\/ Bolsa E Mochila"},"content":{"rendered":"<p><img decoding=\"async\" src=\"https:\/\/http2.mlstatic.com\/50un-fecho-balo-engate-rapido-40mm-p-bolsa-e-mochila-D_NQ_NP_803333-MLB28672930190_112018-O.webp\" alt=\"50un fecho bal\u00c3\u00a3o engate r\u00c3\u00a1pido 40mm p\/ bolsa e mochila\" \/><\/p>\n<p>&nbsp;<\/p>\n<p>&nbsp;<\/p>\n<p>&nbsp;<\/p>\n<p>&nbsp;<\/p>\n","protected":false},"excerpt":{"rendered":"<p>Fecho Bal\u00e3o Curvado Engate R\u00e1pido de Pl\u00e1stico com abertura (largura) para al\u00e7a de 4cm (40mm)<\/p>\n<p>Embalagem iguais e de mesmo tamanho.<\/p>\n<p>Ideal para usar em al\u00e7as e fechos de mochilas, malas, bolsas, etc.<\/p>\n<p>Cor: Preto<\/p>\n<p>*Fotos reais do produto*<\/p>\n<p><strong>**Consulte Cores e Tamanhos Dispon\u00edveis**<\/strong><\/p>\n<p style=\"text-align: center;\"><strong>**Consulte pre\u00e7o no atacado**<\/strong><\/p>\n<p style=\"text-align: center;\">\n","protected":false},"featured_media":9977,"comment_status":"open","ping_status":"closed","template":"","meta":[],"product_brand":[],"product_cat":[920],"product_tag":[],"class_list":{"0":"post-9975","1":"product","2":"type-product","3":"status-publish","4":"has-post-thumbnail","6":"product_cat-fecho-de-mochila","8":"first","9":"onbackorder","10":"taxable","11":"shipping-taxable","12":"purchasable","13":"product-type-simple"},"_links":{"self":[{"href":"https:\/\/www.avmbianco.com.br\/site\/wp-json\/wp\/v2\/product\/9975","targetHints":{"allow":["GET"]}}],"collection":[{"href":"https:\/\/www.avmbianco.com.br\/site\/wp-json\/wp\/v2\/product"}],"about":[{"href":"https:\/\/www.avmbianco.com.br\/site\/wp-json\/wp\/v2\/types\/product"}],"replies":[{"embeddable":true,"href":"https:\/\/www.avmbianco.com.br\/site\/wp-json\/wp\/v2\/comments?post=9975"}],"wp:featuredmedia":[{"embeddable":true,"href":"https:\/\/www.avmbianco.com.br\/site\/wp-json\/wp\/v2\/media\/9977"}],"wp:attachment":[{"href":"https:\/\/www.avmbianco.com.br\/site\/wp-json\/wp\/v2\/media?parent=9975"}],"wp:term":[{"taxonomy":"product_brand","embeddable":true,"href":"https:\/\/www.avmbianco.com.br\/site\/wp-json\/wp\/v2\/product_brand?post=9975"},{"taxonomy":"product_cat","embeddable":true,"href":"https:\/\/www.avmbianco.com.br\/site\/wp-json\/wp\/v2\/product_cat?post=9975"},{"taxonomy":"product_tag","embeddable":true,"href":"https:\/\/www.avmbianco.com.br\/site\/wp-json\/wp\/v2\/product_tag?post=9975"}],"curies":[{"name":"wp","href":"https:\/\/api.w.org\/{rel}","templated":true}]}}